{"id":1036,"date":"2023-06-07T19:39:50","date_gmt":"2023-06-07T17:39:50","guid":{"rendered":"https:\/\/pg-markt-rettenbach.de\/neu\/?page_id=1036"},"modified":"2023-10-31T20:34:24","modified_gmt":"2023-10-31T19:34:24","slug":"pfarrer","status":"publish","type":"page","link":"https:\/\/pg-markt-rettenbach.de\/startseite\/startseite\/ansprechpartner\/pfarrer\/","title":{"rendered":"Pfarrer"},"content":{"rendered":"\t\t<div data-elementor-type=\"wp-page\" data-elementor-id=\"1036\" class=\"elementor elementor-1036\" data-elementor-post-type=\"page\">\n\t\t\t\t\t\t<section class=\"elementor-section elementor-top-section elementor-element elementor-element-831cc41 elementor-section-boxed elementor-section-height-default elementor-section-height-default\" data-id=\"831cc41\" data-element_type=\"section\" data-e-type=\"section\">\n\t\t\t\t\t\t<div class=\"elementor-container elementor-column-gap-default\">\n\t\t\t\t\t<div class=\"elementor-column elementor-col-50 elementor-top-column elementor-element elementor-element-4b40a5e\" data-id=\"4b40a5e\" data-element_type=\"column\" data-e-type=\"column\">\n\t\t\t<div class=\"elementor-widget-wrap elementor-element-populated\">\n\t\t\t\t\t\t<div class=\"elementor-element elementor-element-c4ac716 elementor-widget elementor-widget-heading\" data-id=\"c4ac716\" data-element_type=\"widget\" data-e-type=\"widget\" data-widget_type=\"heading.default\">\n\t\t\t\t<div class=\"elementor-widget-container\">\n\t\t\t\t\t<h2 class=\"elementor-heading-title elementor-size-large\">Pfarrer Guido Beck<\/h2>\t\t\t\t<\/div>\n\t\t\t\t<\/div>\n\t\t\t\t<div class=\"elementor-element elementor-element-6dc3414 elementor-widget elementor-widget-heading\" data-id=\"6dc3414\" data-element_type=\"widget\" data-e-type=\"widget\" data-widget_type=\"heading.default\">\n\t\t\t\t<div class=\"elementor-widget-container\">\n\t\t\t\t\t<h2 class=\"elementor-heading-title elementor-size-default\">Leitender Pfarrer der Pfarreiengemeinschaft<\/h2>\t\t\t\t<\/div>\n\t\t\t\t<\/div>\n\t\t\t\t<div class=\"elementor-element elementor-element-1f6d8a3 elementor-widget elementor-widget-text-editor\" data-id=\"1f6d8a3\" data-element_type=\"widget\" data-e-type=\"widget\" data-widget_type=\"text-editor.default\">\n\t\t\t\t<div class=\"elementor-widget-container\">\n\t\t\t\t\t\t\t\t\t<p><b>Telefon 08392 268<br \/>Handy 0174 2807180<br \/>Email: <a href=\"mailto:guido.beck@bistum-augsburg.de\">guido.beck@bistum-augsburg.de<\/a><\/b><\/p><p>Gr\u00fc\u00df Gott, liebe Besucher unserer Website!<\/p><p>Seit 2016 darf ich die Pfarreiengemeinschaft Markt Rettenbach leiten. Gerne feiere ich mit Ihnen Gottesdienste, besuche Sie zu einem Gespr\u00e4ch oder begleite Sie bei Familienfeiern zu wichtigen Lebensstationen wie Taufe, Erstkommunion, Firmung, Hochzeit oder in der Zeit von Alter und Krankheit sowie im Trauerfall bei der Beerdigung eines lieben Angeh\u00f6rigen.<\/p>\t\t\t\t\t\t\t\t<\/div>\n\t\t\t\t<\/div>\n\t\t\t\t\t<\/div>\n\t\t<\/div>\n\t\t\t\t<div class=\"elementor-column elementor-col-50 elementor-top-column elementor-element elementor-element-ea1c67c\" data-id=\"ea1c67c\" data-element_type=\"column\" data-e-type=\"column\">\n\t\t\t<div class=\"elementor-widget-wrap elementor-element-populated\">\n\t\t\t\t\t\t<div class=\"elementor-element elementor-element-e04cd24 elementor-widget elementor-widget-image\" data-id=\"e04cd24\" data-element_type=\"widget\" data-e-type=\"widget\" data-widget_type=\"image.default\">\n\t\t\t\t<div class=\"elementor-widget-container\">\n\t\t\t\t\t\t\t\t\t\t\t\t\t\t\t<img fetchpriority=\"high\" decoding=\"async\" width=\"253\" height=\"381\" src=\"https:\/\/pg-markt-rettenbach.de\/wp-content\/uploads\/2023\/06\/Pfarrer-Beck-Passfoto.jpg\" class=\"attachment-1536x1536 size-1536x1536 wp-image-925\" alt=\"\" srcset=\"https:\/\/pg-markt-rettenbach.de\/wp-content\/uploads\/2023\/06\/Pfarrer-Beck-Passfoto.jpg 253w, https:\/\/pg-markt-rettenbach.de\/wp-content\/uploads\/2023\/06\/Pfarrer-Beck-Passfoto-199x300.jpg 199w\" sizes=\"(max-width: 253px) 100vw, 253px\" \/>\t\t\t\t\t\t\t\t\t\t\t\t\t\t\t<\/div>\n\t\t\t\t<\/div>\n\t\t\t\t\t<\/div>\n\t\t<\/div>\n\t\t\t\t\t<\/div>\n\t\t<\/section>\n\t\t\t\t<section class=\"elementor-section elementor-top-section elementor-element elementor-element-6b8db38 elementor-section-boxed elementor-section-height-default elementor-section-height-default\" data-id=\"6b8db38\" data-element_type=\"section\" data-e-type=\"section\">\n\t\t\t\t\t\t<div class=\"elementor-container elementor-column-gap-default\">\n\t\t\t\t\t<div class=\"elementor-column elementor-col-50 elementor-top-column elementor-element elementor-element-9fc6e2b\" data-id=\"9fc6e2b\" data-element_type=\"column\" data-e-type=\"column\">\n\t\t\t<div class=\"elementor-widget-wrap elementor-element-populated\">\n\t\t\t\t\t\t<div class=\"elementor-element elementor-element-d30f9f3 elementor-widget elementor-widget-image\" data-id=\"d30f9f3\" data-element_type=\"widget\" data-e-type=\"widget\" data-widget_type=\"image.default\">\n\t\t\t\t<div class=\"elementor-widget-container\">\n\t\t\t\t\t\t\t\t\t\t\t\t\t\t\t<img decoding=\"async\" width=\"224\" height=\"300\" src=\"https:\/\/pg-markt-rettenbach.de\/wp-content\/uploads\/2023\/06\/GuidoBeckRadl223jd-1-224x300.jpg\" class=\"attachment-medium size-medium wp-image-931\" alt=\"\" srcset=\"https:\/\/pg-markt-rettenbach.de\/wp-content\/uploads\/2023\/06\/GuidoBeckRadl223jd-1-224x300.jpg 224w, https:\/\/pg-markt-rettenbach.de\/wp-content\/uploads\/2023\/06\/GuidoBeckRadl223jd-1.jpg 567w\" sizes=\"(max-width: 224px) 100vw, 224px\" \/>\t\t\t\t\t\t\t\t\t\t\t\t\t\t\t<\/div>\n\t\t\t\t<\/div>\n\t\t\t\t\t<\/div>\n\t\t<\/div>\n\t\t\t\t<div class=\"elementor-column elementor-col-50 elementor-top-column elementor-element elementor-element-0dd133e\" data-id=\"0dd133e\" data-element_type=\"column\" data-e-type=\"column\">\n\t\t\t<div class=\"elementor-widget-wrap elementor-element-populated\">\n\t\t\t\t\t\t<div class=\"elementor-element elementor-element-4acb722 elementor-widget elementor-widget-text-editor\" data-id=\"4acb722\" data-element_type=\"widget\" data-e-type=\"widget\" data-widget_type=\"text-editor.default\">\n\t\t\t\t<div class=\"elementor-widget-container\">\n\t\t\t\t\t\t\t\t\t<p>\u00d6fters bin ich in unserer Pfarreiengemeinschaft und auch dar\u00fcber hinaus mit dem Rad unterwegs. Sollten Sie mich einmal nicht im Pfarrb\u00fcro antreffen, haben Sie die M\u00f6glichkeit, mich auf dem Handy zu erreichen oder eine Email zu schicken. Gerne helfe ich Ihnen weiter.<\/p><p><span style=\"color: var( --e-global-color-text ); font-family: var( --e-global-typography-text-font-family ), Sans-serif; font-size: var( --e-global-typography-text-font-size ); font-weight: var( --e-global-typography-text-font-weight );\">F\u00fcr Fragen oder R\u00fcckmeldungen k\u00f6nnen Sie auch das allgemeine Kontaktformular unsers Pfarrb\u00fcros nutzen.<\/span><\/p><p><span style=\"color: var( --e-global-color-text ); font-family: var( --e-global-typography-text-font-family ), Sans-serif; font-size: var( --e-global-typography-text-font-size ); font-weight: var( --e-global-typography-text-font-weight );\">Ich freue mich auf Sie!<\/span><\/p><p><span style=\"color: var( --e-global-color-text ); font-family: var( --e-global-typography-text-font-family ), Sans-serif; font-size: var( --e-global-typography-text-font-size ); font-weight: var( --e-global-typography-text-font-weight );\">Ihr Pfarrer Guido Beck<\/span><\/p>\t\t\t\t\t\t\t\t<\/div>\n\t\t\t\t<\/div>\n\t\t\t\t\t<\/div>\n\t\t<\/div>\n\t\t\t\t\t<\/div>\n\t\t<\/section>\n\t\t\t\t<section class=\"elementor-section elementor-top-section elementor-element elementor-element-b064781 elementor-section-boxed elementor-section-height-default elementor-section-height-default\" data-id=\"b064781\" data-element_type=\"section\" data-e-type=\"section\">\n\t\t\t\t\t\t<div class=\"elementor-container elementor-column-gap-default\">\n\t\t\t\t\t<div class=\"elementor-column elementor-col-100 elementor-top-column elementor-element elementor-element-9761c4e\" data-id=\"9761c4e\" data-element_type=\"column\" data-e-type=\"column\">\n\t\t\t<div class=\"elementor-widget-wrap elementor-element-populated\">\n\t\t\t\t\t\t<div class=\"elementor-element elementor-element-739f506 elementor-widget elementor-widget-spacer\" data-id=\"739f506\" data-element_type=\"widget\" data-e-type=\"widget\" data-widget_type=\"spacer.default\">\n\t\t\t\t<div class=\"elementor-widget-container\">\n\t\t\t\t\t\t\t<div class=\"elementor-spacer\">\n\t\t\t<div class=\"elementor-spacer-inner\"><\/div>\n\t\t<\/div>\n\t\t\t\t\t\t<\/div>\n\t\t\t\t<\/div>\n\t\t\t\t\t<\/div>\n\t\t<\/div>\n\t\t\t\t\t<\/div>\n\t\t<\/section>\n\t\t\t\t<\/div>\n\t\t","protected":false},"excerpt":{"rendered":"<p>Pfarrer Guido Beck Leitender Pfarrer der Pfarreiengemeinschaft Telefon 08392 268Handy 0174 2807180Email: guido.beck@bistum-augsburg.de Gr\u00fc\u00df Gott, liebe Besucher unserer Website! Seit 2016 darf ich die Pfarreiengemeinschaft Markt Rettenbach leiten. Gerne feiere [&hellip;]<\/p>\n","protected":false},"author":1,"featured_media":0,"parent":924,"menu_order":12,"comment_status":"closed","ping_status":"closed","template":"","meta":{"_EventAllDay":false,"_EventTimezone":"","_EventStartDate":"","_EventEndDate":"","_EventStartDateUTC":"","_EventEndDateUTC":"","_EventShowMap":false,"_EventShowMapLink":false,"_EventURL":"","_EventCost":"","_EventCostDescription":"","_EventCurrencySymbol":"","_EventCurrencyCode":"","_EventCurrencyPosition":"","_EventDateTimeSeparator":"","_EventTimeRangeSeparator":"","_EventOrganizerID":[],"_EventVenueID":[],"_OrganizerEmail":"","_OrganizerPhone":"","_OrganizerWebsite":"","_VenueAddress":"","_VenueCity":"","_VenueCountry":"","_VenueProvince":"","_VenueState":"","_VenueZip":"","_VenuePhone":"","_VenueURL":"","_VenueStateProvince":"","_VenueLat":"","_VenueLng":"","_VenueShowMap":false,"_VenueShowMapLink":false,"footnotes":""},"class_list":["post-1036","page","type-page","status-publish","hentry"],"_links":{"self":[{"href":"https:\/\/pg-markt-rettenbach.de\/startseite\/wp-json\/wp\/v2\/pages\/1036","targetHints":{"allow":["GET"]}}],"collection":[{"href":"https:\/\/pg-markt-rettenbach.de\/startseite\/wp-json\/wp\/v2\/pages"}],"about":[{"href":"https:\/\/pg-markt-rettenbach.de\/startseite\/wp-json\/wp\/v2\/types\/page"}],"author":[{"embeddable":true,"href":"https:\/\/pg-markt-rettenbach.de\/startseite\/wp-json\/wp\/v2\/users\/1"}],"replies":[{"embeddable":true,"href":"https:\/\/pg-markt-rettenbach.de\/startseite\/wp-json\/wp\/v2\/comments?post=1036"}],"version-history":[{"count":10,"href":"https:\/\/pg-markt-rettenbach.de\/startseite\/wp-json\/wp\/v2\/pages\/1036\/revisions"}],"predecessor-version":[{"id":6550,"href":"https:\/\/pg-markt-rettenbach.de\/startseite\/wp-json\/wp\/v2\/pages\/1036\/revisions\/6550"}],"up":[{"embeddable":true,"href":"https:\/\/pg-markt-rettenbach.de\/startseite\/wp-json\/wp\/v2\/pages\/924"}],"wp:attachment":[{"href":"https:\/\/pg-markt-rettenbach.de\/startseite\/wp-json\/wp\/v2\/media?parent=1036"}],"curies":[{"name":"wp","href":"https:\/\/api.w.org\/{rel}","templated":true}]}}

<div data-elementor-type="wp-page" data-elementor-id="1036" class="elementor elementor-1036" data-elementor-post-type="page">
						<section class="elementor-section elementor-top-section elementor-element elementor-element-831cc41 elementor-section-boxed elementor-section-height-default elementor-section-height-default" data-id="831cc41" data-element_type="section" data-e-type="section">
						<div class="elementor-container elementor-column-gap-default">
					<div class="elementor-column elementor-col-50 elementor-top-column elementor-element elementor-element-4b40a5e" data-id="4b40a5e" data-element_type="column" data-e-type="column">
			<div class="elementor-widget-wrap elementor-element-populated">
						<div class="elementor-element elementor-element-c4ac716 elementor-widget elementor-widget-heading" data-id="c4ac716" data-element_type="widget" data-e-type="widget" data-widget_type="heading.default">
				<div class="elementor-widget-container">
					<h2 class="elementor-heading-title elementor-size-large">Pfarrer Guido Beck</h2>				</div>
				</div>
				<div class="elementor-element elementor-element-6dc3414 elementor-widget elementor-widget-heading" data-id="6dc3414" data-element_type="widget" data-e-type="widget" data-widget_type="heading.default">
				<div class="elementor-widget-container">
					<h2 class="elementor-heading-title elementor-size-default">Leitender Pfarrer der Pfarreiengemeinschaft</h2>				</div>
				</div>
				<div class="elementor-element elementor-element-1f6d8a3 elementor-widget elementor-widget-text-editor" data-id="1f6d8a3" data-element_type="widget" data-e-type="widget" data-widget_type="text-editor.default">
				<div class="elementor-widget-container">
									<p><b>Telefon 08392 268<br />Handy 0174 2807180<br />Email: <a href="mailto:guido.beck@bistum-augsburg.de">guido.beck@bistum-augsburg.de</a></b></p><p>Grüß Gott, liebe Besucher unserer Website!</p><p>Seit 2016 darf ich die Pfarreiengemeinschaft Markt Rettenbach leiten. Gerne feiere ich mit Ihnen Gottesdienste, besuche Sie zu einem Gespräch oder begleite Sie bei Familienfeiern zu wichtigen Lebensstationen wie Taufe, Erstkommunion, Firmung, Hochzeit oder in der Zeit von Alter und Krankheit sowie im Trauerfall bei der Beerdigung eines lieben Angehörigen.</p>								</div>
				</div>
					</div>
		</div>
				<div class="elementor-column elementor-col-50 elementor-top-column elementor-element elementor-element-ea1c67c" data-id="ea1c67c" data-element_type="column" data-e-type="column">
			<div class="elementor-widget-wrap elementor-element-populated">
						<div class="elementor-element elementor-element-e04cd24 elementor-widget elementor-widget-image" data-id="e04cd24" data-element_type="widget" data-e-type="widget" data-widget_type="image.default">
				<div class="elementor-widget-container">
															<img fetchpriority="high" decoding="async" width="253" height="381" src="https://pg-markt-rettenbach.de/wp-content/uploads/2023/06/Pfarrer-Beck-Passfoto.jpg" class="attachment-1536x1536 size-1536x1536 wp-image-925" alt="" srcset="https://pg-markt-rettenbach.de/wp-content/uploads/2023/06/Pfarrer-Beck-Passfoto.jpg 253w, https://pg-markt-rettenbach.de/wp-content/uploads/2023/06/Pfarrer-Beck-Passfoto-199x300.jpg 199w" sizes="(max-width: 253px) 100vw, 253px" />															</div>
				</div>
					</div>
		</div>
					</div>
		</section>
				<section class="elementor-section elementor-top-section elementor-element elementor-element-6b8db38 elementor-section-boxed elementor-section-height-default elementor-section-height-default" data-id="6b8db38" data-element_type="section" data-e-type="section">
						<div class="elementor-container elementor-column-gap-default">
					<div class="elementor-column elementor-col-50 elementor-top-column elementor-element elementor-element-9fc6e2b" data-id="9fc6e2b" data-element_type="column" data-e-type="column">
			<div class="elementor-widget-wrap elementor-element-populated">
						<div class="elementor-element elementor-element-d30f9f3 elementor-widget elementor-widget-image" data-id="d30f9f3" data-element_type="widget" data-e-type="widget" data-widget_type="image.default">
				<div class="elementor-widget-container">
															<img decoding="async" width="224" height="300" src="https://pg-markt-rettenbach.de/wp-content/uploads/2023/06/GuidoBeckRadl223jd-1-224x300.jpg" class="attachment-medium size-medium wp-image-931" alt="" srcset="https://pg-markt-rettenbach.de/wp-content/uploads/2023/06/GuidoBeckRadl223jd-1-224x300.jpg 224w, https://pg-markt-rettenbach.de/wp-content/uploads/2023/06/GuidoBeckRadl223jd-1.jpg 567w" sizes="(max-width: 224px) 100vw, 224px" />															</div>
				</div>
					</div>
		</div>
				<div class="elementor-column elementor-col-50 elementor-top-column elementor-element elementor-element-0dd133e" data-id="0dd133e" data-element_type="column" data-e-type="column">
			<div class="elementor-widget-wrap elementor-element-populated">
						<div class="elementor-element elementor-element-4acb722 elementor-widget elementor-widget-text-editor" data-id="4acb722" data-element_type="widget" data-e-type="widget" data-widget_type="text-editor.default">
				<div class="elementor-widget-container">
									<p>Öfters bin ich in unserer Pfarreiengemeinschaft und auch darüber hinaus mit dem Rad unterwegs. Sollten Sie mich einmal nicht im Pfarrbüro antreffen, haben Sie die Möglichkeit, mich auf dem Handy zu erreichen oder eine Email zu schicken. Gerne helfe ich Ihnen weiter.</p><p><span style="color: var( --e-global-color-text ); font-family: var( --e-global-typography-text-font-family ), Sans-serif; font-size: var( --e-global-typography-text-font-size ); font-weight: var( --e-global-typography-text-font-weight );">Für Fragen oder Rückmeldungen können Sie auch das allgemeine Kontaktformular unsers Pfarrbüros nutzen.</span></p><p><span style="color: var( --e-global-color-text ); font-family: var( --e-global-typography-text-font-family ), Sans-serif; font-size: var( --e-global-typography-text-font-size ); font-weight: var( --e-global-typography-text-font-weight );">Ich freue mich auf Sie!</span></p><p><span style="color: var( --e-global-color-text ); font-family: var( --e-global-typography-text-font-family ), Sans-serif; font-size: var( --e-global-typography-text-font-size ); font-weight: var( --e-global-typography-text-font-weight );">Ihr Pfarrer Guido Beck</span></p>								</div>
				</div>
					</div>
		</div>
					</div>
		</section>
				<section class="elementor-section elementor-top-section elementor-element elementor-element-b064781 elementor-section-boxed elementor-section-height-default elementor-section-height-default" data-id="b064781" data-element_type="section" data-e-type="section">
						<div class="elementor-container elementor-column-gap-default">
					<div class="elementor-column elementor-col-100 elementor-top-column elementor-element elementor-element-9761c4e" data-id="9761c4e" data-element_type="column" data-e-type="column">
			<div class="elementor-widget-wrap elementor-element-populated">
						<div class="elementor-element elementor-element-739f506 elementor-widget elementor-widget-spacer" data-id="739f506" data-element_type="widget" data-e-type="widget" data-widget_type="spacer.default">
				<div class="elementor-widget-container">
							<div class="elementor-spacer">
			<div class="elementor-spacer-inner"></div>
		</div>
						</div>
				</div>
					</div>
		</div>
					</div>
		</section>
				</div>

<p>Pfarrer Guido Beck Leitender Pfarrer der Pfarreiengemeinschaft Telefon 08392 268Handy 0174 2807180Email: guido.beck@bistum-augsburg.de Grüß Gott, liebe Besucher unserer Website! Seit 2016 darf ich die Pfarreiengemeinschaft Markt Rettenbach leiten. Gerne feiere [&hellip;]</p>
