{"id":13181,"date":"2024-11-06T17:32:49","date_gmt":"2024-11-06T16:32:49","guid":{"rendered":"https:\/\/pg-markt-rettenbach.de\/startseite\/?page_id=13181"},"modified":"2025-09-03T15:44:09","modified_gmt":"2025-09-03T13:44:09","slug":"verwaltungsleiterin","status":"publish","type":"page","link":"https:\/\/pg-markt-rettenbach.de\/startseite\/startseite\/ansprechpartner\/verwaltungsleiterin\/","title":{"rendered":"Verwaltungsleiterin"},"content":{"rendered":"\t\t<div data-elementor-type=\"wp-page\" data-elementor-id=\"13181\" class=\"elementor elementor-13181\" data-elementor-post-type=\"page\">\n\t\t\t\t\t\t<section class=\"elementor-section elementor-top-section elementor-element elementor-element-8ad341a elementor-section-boxed elementor-section-height-default elementor-section-height-default\" data-id=\"8ad341a\" data-element_type=\"section\" data-e-type=\"section\">\n\t\t\t\t\t\t<div class=\"elementor-container elementor-column-gap-default\">\n\t\t\t\t\t<div class=\"elementor-column elementor-col-100 elementor-top-column elementor-element elementor-element-79ad635\" data-id=\"79ad635\" data-element_type=\"column\" data-e-type=\"column\">\n\t\t\t<div class=\"elementor-widget-wrap elementor-element-populated\">\n\t\t\t\t\t\t<div class=\"elementor-element elementor-element-4b57bed elementor-widget elementor-widget-heading\" data-id=\"4b57bed\" data-element_type=\"widget\" data-e-type=\"widget\" data-widget_type=\"heading.default\">\n\t\t\t\t<div class=\"elementor-widget-container\">\n\t\t\t\t\t<h2 class=\"elementor-heading-title elementor-size-default\">Verwaltungsleiterin Isabelle Bauer<\/h2>\t\t\t\t<\/div>\n\t\t\t\t<\/div>\n\t\t\t\t\t<\/div>\n\t\t<\/div>\n\t\t\t\t\t<\/div>\n\t\t<\/section>\n\t\t\t\t<section class=\"elementor-section elementor-top-section elementor-element elementor-element-0fe56c1 elementor-section-boxed elementor-section-height-default elementor-section-height-default\" data-id=\"0fe56c1\" data-element_type=\"section\" data-e-type=\"section\">\n\t\t\t\t\t\t<div class=\"elementor-container elementor-column-gap-default\">\n\t\t\t\t\t<div class=\"elementor-column elementor-col-100 elementor-top-column elementor-element elementor-element-39c7ae4\" data-id=\"39c7ae4\" data-element_type=\"column\" data-e-type=\"column\">\n\t\t\t<div class=\"elementor-widget-wrap elementor-element-populated\">\n\t\t\t\t\t\t<div class=\"elementor-element elementor-element-41cdb72 elementor-widget elementor-widget-text-editor\" data-id=\"41cdb72\" data-element_type=\"widget\" data-e-type=\"widget\" data-widget_type=\"text-editor.default\">\n\t\t\t\t<div class=\"elementor-widget-container\">\n\t\t\t\t\t\t\t\t\t<p>Dienstsitz: <a href=\"https:\/\/www.pg-ottobeuren.de\/\"><strong>Pfarramt Ottobeuren<\/strong><\/a>, Sebastian-Kneipp-Str. 1, 87724 Ottobeuren<br \/>Tel. 08332 \/ 798-103<br \/><strong><a href=\"mailto:pg.ottobeuren@bistum-augsburg.de\">pg.ottobeuren@bistum-augsburg.de<\/a><\/strong><\/p><p>B\u00fcro Markt Rettenbach: Marktplatz 20, 87733 Markt Rettenbach<br \/>Tel. 08392 \/ 934202<br \/><a href=\"mailto:isabelle.bauer@bistum-augsburg.de\"><strong>isabelle.bauer@bistum-augsburg.de<\/strong><\/a><\/p>\t\t\t\t\t\t\t\t<\/div>\n\t\t\t\t<\/div>\n\t\t\t\t\t<\/div>\n\t\t<\/div>\n\t\t\t\t\t<\/div>\n\t\t<\/section>\n\t\t\t\t<section class=\"elementor-section elementor-top-section elementor-element elementor-element-040470c elementor-section-boxed elementor-section-height-default elementor-section-height-default\" data-id=\"040470c\" data-element_type=\"section\" data-e-type=\"section\">\n\t\t\t\t\t\t<div class=\"elementor-container elementor-column-gap-default\">\n\t\t\t\t\t<div class=\"elementor-column elementor-col-50 elementor-top-column elementor-element elementor-element-0068875\" data-id=\"0068875\" data-element_type=\"column\" data-e-type=\"column\">\n\t\t\t<div class=\"elementor-widget-wrap elementor-element-populated\">\n\t\t\t\t\t\t<div class=\"elementor-element elementor-element-9e169c0 elementor-widget elementor-widget-text-editor\" data-id=\"9e169c0\" data-element_type=\"widget\" data-e-type=\"widget\" data-widget_type=\"text-editor.default\">\n\t\t\t\t<div class=\"elementor-widget-container\">\n\t\t\t\t\t\t\t\t\t<p><b>Ein neues Gesicht<\/b><\/p>\n<p>Liebe Gemeindemitglieder. Gerne m\u00f6chte ich mich Ihnen hiermit als neues Gesicht im Team der Pfarrgemeinde vorstellen. Seit Anfang November verst\u00e4rke ich den Verwaltungsbereich in der Funktion der Verwaltungsleiterin. Diese Aufgabe \u00fcbernehme ich in Ihrer Pfarreiengemeinschaft wie auch in der Pfarrgemeinde Ottobeuren (in Teilzeit). Das Ziel &#8211; und somit meine Hauptaufgabe &#8211; ist es, den Pfarrern Verwaltungsaufgaben abzunehmen, damit diese wieder mehr Zeit f\u00fcr die Gemeindemitglieder und die Seelsorge haben. Ich werde mich bem\u00fchen, schnellstm\u00f6glich eine qualifizierte Ansprechpartnerin in allen Verwaltungsbelangen f\u00fcr Sie zu sein!<\/p>\n<p>Zuhause bin ich mit meinem Mann und unseren beiden Buben in Wolfertschwenden. Unsere freie Zeit verbringen wir am liebsten auf unserem Hobby-Bauernhof. Die Arbeit in der Natur ist f\u00fcr uns der sch\u00f6nste Ausgleich zu Schule und B\u00fcro.<\/p>\t\t\t\t\t\t\t\t<\/div>\n\t\t\t\t<\/div>\n\t\t\t\t\t<\/div>\n\t\t<\/div>\n\t\t\t\t<div class=\"elementor-column elementor-col-50 elementor-top-column elementor-element elementor-element-72e47f4\" data-id=\"72e47f4\" data-element_type=\"column\" data-e-type=\"column\">\n\t\t\t<div class=\"elementor-widget-wrap elementor-element-populated\">\n\t\t\t\t\t\t<div class=\"elementor-element elementor-element-92bd30a elementor-widget elementor-widget-image\" data-id=\"92bd30a\" data-element_type=\"widget\" data-e-type=\"widget\" data-widget_type=\"image.default\">\n\t\t\t\t<div class=\"elementor-widget-container\">\n\t\t\t\t\t\t\t\t\t\t\t\t\t\t\t<img fetchpriority=\"high\" decoding=\"async\" width=\"800\" height=\"920\" src=\"https:\/\/pg-markt-rettenbach.de\/wp-content\/uploads\/2024\/11\/VwLeiterin-Isabelle-Bauer.jpg\" class=\"attachment-large size-large wp-image-13183\" alt=\"\" srcset=\"https:\/\/pg-markt-rettenbach.de\/wp-content\/uploads\/2024\/11\/VwLeiterin-Isabelle-Bauer.jpg 821w, https:\/\/pg-markt-rettenbach.de\/wp-content\/uploads\/2024\/11\/VwLeiterin-Isabelle-Bauer-261x300.jpg 261w, https:\/\/pg-markt-rettenbach.de\/wp-content\/uploads\/2024\/11\/VwLeiterin-Isabelle-Bauer-768x883.jpg 768w\" sizes=\"(max-width: 800px) 100vw, 800px\" \/>\t\t\t\t\t\t\t\t\t\t\t\t\t\t\t<\/div>\n\t\t\t\t<\/div>\n\t\t\t\t\t<\/div>\n\t\t<\/div>\n\t\t\t\t\t<\/div>\n\t\t<\/section>\n\t\t\t\t<section class=\"elementor-section elementor-top-section elementor-element elementor-element-f4fbddb elementor-section-boxed elementor-section-height-default elementor-section-height-default\" data-id=\"f4fbddb\" data-element_type=\"section\" data-e-type=\"section\">\n\t\t\t\t\t\t<div class=\"elementor-container elementor-column-gap-default\">\n\t\t\t\t\t<div class=\"elementor-column elementor-col-100 elementor-top-column elementor-element elementor-element-ede1e07\" data-id=\"ede1e07\" data-element_type=\"column\" data-e-type=\"column\">\n\t\t\t<div class=\"elementor-widget-wrap elementor-element-populated\">\n\t\t\t\t\t\t<div class=\"elementor-element elementor-element-5928d00 elementor-widget elementor-widget-text-editor\" data-id=\"5928d00\" data-element_type=\"widget\" data-e-type=\"widget\" data-widget_type=\"text-editor.default\">\n\t\t\t\t<div class=\"elementor-widget-container\">\n\t\t\t\t\t\t\t\t\t<p>Die n\u00e4chsten Wochen werde ich sicher viele engagierte haupt-, neben- und ehrenamtliche MitarbeiterInnen und HelferInnen in den Gemeinden kennen lernen \u2013 also viele neue Gesichter f\u00fcr mich. Ich freue mich darauf!<\/p>\n<p>Ihre Isabelle Bauer<\/p>\t\t\t\t\t\t\t\t<\/div>\n\t\t\t\t<\/div>\n\t\t\t\t\t<\/div>\n\t\t<\/div>\n\t\t\t\t\t<\/div>\n\t\t<\/section>\n\t\t\t\t<section class=\"elementor-section elementor-top-section elementor-element elementor-element-49bebe4 elementor-section-boxed elementor-section-height-default elementor-section-height-default\" data-id=\"49bebe4\" data-element_type=\"section\" data-e-type=\"section\">\n\t\t\t\t\t\t<div class=\"elementor-container elementor-column-gap-default\">\n\t\t\t\t\t<div class=\"elementor-column elementor-col-100 elementor-top-column elementor-element elementor-element-49ed18a\" data-id=\"49ed18a\" data-element_type=\"column\" data-e-type=\"column\">\n\t\t\t<div class=\"elementor-widget-wrap elementor-element-populated\">\n\t\t\t\t\t\t<div class=\"elementor-element elementor-element-31a8cc5 elementor-widget elementor-widget-spacer\" data-id=\"31a8cc5\" data-element_type=\"widget\" data-e-type=\"widget\" data-widget_type=\"spacer.default\">\n\t\t\t\t<div class=\"elementor-widget-container\">\n\t\t\t\t\t\t\t<div class=\"elementor-spacer\">\n\t\t\t<div class=\"elementor-spacer-inner\"><\/div>\n\t\t<\/div>\n\t\t\t\t\t\t<\/div>\n\t\t\t\t<\/div>\n\t\t\t\t\t<\/div>\n\t\t<\/div>\n\t\t\t\t\t<\/div>\n\t\t<\/section>\n\t\t\t\t<\/div>\n\t\t","protected":false},"excerpt":{"rendered":"<p>Verwaltungsleiterin Isabelle Bauer Dienstsitz: Pfarramt Ottobeuren, Sebastian-Kneipp-Str. 1, 87724 OttobeurenTel. 08332 \/ 798-103pg.ottobeuren@bistum-augsburg.de B\u00fcro Markt Rettenbach: Marktplatz 20, 87733 Markt RettenbachTel. 08392 \/ 934202isabelle.bauer@bistum-augsburg.de Ein neues Gesicht Liebe Gemeindemitglieder. Gerne [&hellip;]<\/p>\n","protected":false},"author":1,"featured_media":0,"parent":924,"menu_order":14,"comment_status":"closed","ping_status":"closed","template":"","meta":{"_EventAllDay":false,"_EventTimezone":"","_EventStartDate":"","_EventEndDate":"","_EventStartDateUTC":"","_EventEndDateUTC":"","_EventShowMap":false,"_EventShowMapLink":false,"_EventURL":"","_EventCost":"","_EventCostDescription":"","_EventCurrencySymbol":"","_EventCurrencyCode":"","_EventCurrencyPosition":"","_EventDateTimeSeparator":"","_EventTimeRangeSeparator":"","_EventOrganizerID":[],"_EventVenueID":[],"_OrganizerEmail":"","_OrganizerPhone":"","_OrganizerWebsite":"","_VenueAddress":"","_VenueCity":"","_VenueCountry":"","_VenueProvince":"","_VenueState":"","_VenueZip":"","_VenuePhone":"","_VenueURL":"","_VenueStateProvince":"","_VenueLat":"","_VenueLng":"","_VenueShowMap":false,"_VenueShowMapLink":false,"footnotes":""},"class_list":["post-13181","page","type-page","status-publish","hentry"],"_links":{"self":[{"href":"https:\/\/pg-markt-rettenbach.de\/startseite\/wp-json\/wp\/v2\/pages\/13181","targetHints":{"allow":["GET"]}}],"collection":[{"href":"https:\/\/pg-markt-rettenbach.de\/startseite\/wp-json\/wp\/v2\/pages"}],"about":[{"href":"https:\/\/pg-markt-rettenbach.de\/startseite\/wp-json\/wp\/v2\/types\/page"}],"author":[{"embeddable":true,"href":"https:\/\/pg-markt-rettenbach.de\/startseite\/wp-json\/wp\/v2\/users\/1"}],"replies":[{"embeddable":true,"href":"https:\/\/pg-markt-rettenbach.de\/startseite\/wp-json\/wp\/v2\/comments?post=13181"}],"version-history":[{"count":10,"href":"https:\/\/pg-markt-rettenbach.de\/startseite\/wp-json\/wp\/v2\/pages\/13181\/revisions"}],"predecessor-version":[{"id":13619,"href":"https:\/\/pg-markt-rettenbach.de\/startseite\/wp-json\/wp\/v2\/pages\/13181\/revisions\/13619"}],"up":[{"embeddable":true,"href":"https:\/\/pg-markt-rettenbach.de\/startseite\/wp-json\/wp\/v2\/pages\/924"}],"wp:attachment":[{"href":"https:\/\/pg-markt-rettenbach.de\/startseite\/wp-json\/wp\/v2\/media?parent=13181"}],"curies":[{"name":"wp","href":"https:\/\/api.w.org\/{rel}","templated":true}]}}

<div data-elementor-type="wp-page" data-elementor-id="13181" class="elementor elementor-13181" data-elementor-post-type="page">
						<section class="elementor-section elementor-top-section elementor-element elementor-element-8ad341a elementor-section-boxed elementor-section-height-default elementor-section-height-default" data-id="8ad341a" data-element_type="section" data-e-type="section">
						<div class="elementor-container elementor-column-gap-default">
					<div class="elementor-column elementor-col-100 elementor-top-column elementor-element elementor-element-79ad635" data-id="79ad635" data-element_type="column" data-e-type="column">
			<div class="elementor-widget-wrap elementor-element-populated">
						<div class="elementor-element elementor-element-4b57bed elementor-widget elementor-widget-heading" data-id="4b57bed" data-element_type="widget" data-e-type="widget" data-widget_type="heading.default">
				<div class="elementor-widget-container">
					<h2 class="elementor-heading-title elementor-size-default">Verwaltungsleiterin Isabelle Bauer</h2>				</div>
				</div>
					</div>
		</div>
					</div>
		</section>
				<section class="elementor-section elementor-top-section elementor-element elementor-element-0fe56c1 elementor-section-boxed elementor-section-height-default elementor-section-height-default" data-id="0fe56c1" data-element_type="section" data-e-type="section">
						<div class="elementor-container elementor-column-gap-default">
					<div class="elementor-column elementor-col-100 elementor-top-column elementor-element elementor-element-39c7ae4" data-id="39c7ae4" data-element_type="column" data-e-type="column">
			<div class="elementor-widget-wrap elementor-element-populated">
						<div class="elementor-element elementor-element-41cdb72 elementor-widget elementor-widget-text-editor" data-id="41cdb72" data-element_type="widget" data-e-type="widget" data-widget_type="text-editor.default">
				<div class="elementor-widget-container">
									<p>Dienstsitz: <a href="https://www.pg-ottobeuren.de/"><strong>Pfarramt Ottobeuren</strong></a>, Sebastian-Kneipp-Str. 1, 87724 Ottobeuren<br />Tel. 08332 / 798-103<br /><strong><a href="mailto:pg.ottobeuren@bistum-augsburg.de">pg.ottobeuren@bistum-augsburg.de</a></strong></p><p>Büro Markt Rettenbach: Marktplatz 20, 87733 Markt Rettenbach<br />Tel. 08392 / 934202<br /><a href="mailto:isabelle.bauer@bistum-augsburg.de"><strong>isabelle.bauer@bistum-augsburg.de</strong></a></p>								</div>
				</div>
					</div>
		</div>
					</div>
		</section>
				<section class="elementor-section elementor-top-section elementor-element elementor-element-040470c elementor-section-boxed elementor-section-height-default elementor-section-height-default" data-id="040470c" data-element_type="section" data-e-type="section">
						<div class="elementor-container elementor-column-gap-default">
					<div class="elementor-column elementor-col-50 elementor-top-column elementor-element elementor-element-0068875" data-id="0068875" data-element_type="column" data-e-type="column">
			<div class="elementor-widget-wrap elementor-element-populated">
						<div class="elementor-element elementor-element-9e169c0 elementor-widget elementor-widget-text-editor" data-id="9e169c0" data-element_type="widget" data-e-type="widget" data-widget_type="text-editor.default">
				<div class="elementor-widget-container">
									<p><b>Ein neues Gesicht</b></p>
<p>Liebe Gemeindemitglieder. Gerne möchte ich mich Ihnen hiermit als neues Gesicht im Team der Pfarrgemeinde vorstellen. Seit Anfang November verstärke ich den Verwaltungsbereich in der Funktion der Verwaltungsleiterin. Diese Aufgabe übernehme ich in Ihrer Pfarreiengemeinschaft wie auch in der Pfarrgemeinde Ottobeuren (in Teilzeit). Das Ziel &#8211; und somit meine Hauptaufgabe &#8211; ist es, den Pfarrern Verwaltungsaufgaben abzunehmen, damit diese wieder mehr Zeit für die Gemeindemitglieder und die Seelsorge haben. Ich werde mich bemühen, schnellstmöglich eine qualifizierte Ansprechpartnerin in allen Verwaltungsbelangen für Sie zu sein!</p>
<p>Zuhause bin ich mit meinem Mann und unseren beiden Buben in Wolfertschwenden. Unsere freie Zeit verbringen wir am liebsten auf unserem Hobby-Bauernhof. Die Arbeit in der Natur ist für uns der schönste Ausgleich zu Schule und Büro.</p>								</div>
				</div>
					</div>
		</div>
				<div class="elementor-column elementor-col-50 elementor-top-column elementor-element elementor-element-72e47f4" data-id="72e47f4" data-element_type="column" data-e-type="column">
			<div class="elementor-widget-wrap elementor-element-populated">
						<div class="elementor-element elementor-element-92bd30a elementor-widget elementor-widget-image" data-id="92bd30a" data-element_type="widget" data-e-type="widget" data-widget_type="image.default">
				<div class="elementor-widget-container">
															<img fetchpriority="high" decoding="async" width="800" height="920" src="https://pg-markt-rettenbach.de/wp-content/uploads/2024/11/VwLeiterin-Isabelle-Bauer.jpg" class="attachment-large size-large wp-image-13183" alt="" srcset="https://pg-markt-rettenbach.de/wp-content/uploads/2024/11/VwLeiterin-Isabelle-Bauer.jpg 821w, https://pg-markt-rettenbach.de/wp-content/uploads/2024/11/VwLeiterin-Isabelle-Bauer-261x300.jpg 261w, https://pg-markt-rettenbach.de/wp-content/uploads/2024/11/VwLeiterin-Isabelle-Bauer-768x883.jpg 768w" sizes="(max-width: 800px) 100vw, 800px" />															</div>
				</div>
					</div>
		</div>
					</div>
		</section>
				<section class="elementor-section elementor-top-section elementor-element elementor-element-f4fbddb elementor-section-boxed elementor-section-height-default elementor-section-height-default" data-id="f4fbddb" data-element_type="section" data-e-type="section">
						<div class="elementor-container elementor-column-gap-default">
					<div class="elementor-column elementor-col-100 elementor-top-column elementor-element elementor-element-ede1e07" data-id="ede1e07" data-element_type="column" data-e-type="column">
			<div class="elementor-widget-wrap elementor-element-populated">
						<div class="elementor-element elementor-element-5928d00 elementor-widget elementor-widget-text-editor" data-id="5928d00" data-element_type="widget" data-e-type="widget" data-widget_type="text-editor.default">
				<div class="elementor-widget-container">
									<p>Die nächsten Wochen werde ich sicher viele engagierte haupt-, neben- und ehrenamtliche MitarbeiterInnen und HelferInnen in den Gemeinden kennen lernen – also viele neue Gesichter für mich. Ich freue mich darauf!</p>
<p>Ihre Isabelle Bauer</p>								</div>
				</div>
					</div>
		</div>
					</div>
		</section>
				<section class="elementor-section elementor-top-section elementor-element elementor-element-49bebe4 elementor-section-boxed elementor-section-height-default elementor-section-height-default" data-id="49bebe4" data-element_type="section" data-e-type="section">
						<div class="elementor-container elementor-column-gap-default">
					<div class="elementor-column elementor-col-100 elementor-top-column elementor-element elementor-element-49ed18a" data-id="49ed18a" data-element_type="column" data-e-type="column">
			<div class="elementor-widget-wrap elementor-element-populated">
						<div class="elementor-element elementor-element-31a8cc5 elementor-widget elementor-widget-spacer" data-id="31a8cc5" data-element_type="widget" data-e-type="widget" data-widget_type="spacer.default">
				<div class="elementor-widget-container">
							<div class="elementor-spacer">
			<div class="elementor-spacer-inner"></div>
		</div>
						</div>
				</div>
					</div>
		</div>
					</div>
		</section>
				</div>

<p>Verwaltungsleiterin Isabelle Bauer Dienstsitz: Pfarramt Ottobeuren, Sebastian-Kneipp-Str. 1, 87724 OttobeurenTel. 08332 / 798-103pg.ottobeuren@bistum-augsburg.de Büro Markt Rettenbach: Marktplatz 20, 87733 Markt RettenbachTel. 08392 / 934202isabelle.bauer@bistum-augsburg.de Ein neues Gesicht Liebe Gemeindemitglieder. Gerne [&hellip;]</p>
