{"id":2922,"date":"2023-07-17T20:10:32","date_gmt":"2023-07-17T18:10:32","guid":{"rendered":"https:\/\/pg-markt-rettenbach.de\/neu\/?page_id=2922"},"modified":"2023-09-26T15:46:33","modified_gmt":"2023-09-26T13:46:33","slug":"kapelle-wineden","status":"publish","type":"page","link":"https:\/\/pg-markt-rettenbach.de\/startseite\/startseite\/pfarreien\/st-jakobus-markt-rettenbach\/kapelle-wineden\/","title":{"rendered":"Kapelle Wineden"},"content":{"rendered":"\t\t<div data-elementor-type=\"wp-page\" data-elementor-id=\"2922\" class=\"elementor elementor-2922\" data-elementor-post-type=\"page\">\n\t\t\t\t\t\t<section class=\"elementor-section elementor-top-section elementor-element elementor-element-edef5cb elementor-section-boxed elementor-section-height-default elementor-section-height-default\" data-id=\"edef5cb\" data-element_type=\"section\" data-e-type=\"section\">\n\t\t\t\t\t\t<div class=\"elementor-container elementor-column-gap-default\">\n\t\t\t\t\t<div class=\"elementor-column elementor-col-100 elementor-top-column elementor-element elementor-element-c0fbbe4\" data-id=\"c0fbbe4\" data-element_type=\"column\" data-e-type=\"column\">\n\t\t\t<div class=\"elementor-widget-wrap elementor-element-populated\">\n\t\t\t\t\t\t<div class=\"elementor-element elementor-element-749b3c3 elementor-widget elementor-widget-image\" data-id=\"749b3c3\" data-element_type=\"widget\" data-e-type=\"widget\" data-widget_type=\"image.default\">\n\t\t\t\t<div class=\"elementor-widget-container\">\n\t\t\t\t\t\t\t\t\t\t\t\t\t\t\t<img fetchpriority=\"high\" decoding=\"async\" width=\"1262\" height=\"583\" src=\"https:\/\/pg-markt-rettenbach.de\/wp-content\/uploads\/2023\/07\/MR-Kapelle-Wineden-innen.jpg\" class=\"attachment-1536x1536 size-1536x1536 wp-image-2924\" alt=\"\" srcset=\"https:\/\/pg-markt-rettenbach.de\/wp-content\/uploads\/2023\/07\/MR-Kapelle-Wineden-innen.jpg 1262w, https:\/\/pg-markt-rettenbach.de\/wp-content\/uploads\/2023\/07\/MR-Kapelle-Wineden-innen-300x139.jpg 300w, https:\/\/pg-markt-rettenbach.de\/wp-content\/uploads\/2023\/07\/MR-Kapelle-Wineden-innen-1024x473.jpg 1024w, https:\/\/pg-markt-rettenbach.de\/wp-content\/uploads\/2023\/07\/MR-Kapelle-Wineden-innen-768x355.jpg 768w\" sizes=\"(max-width: 1262px) 100vw, 1262px\" \/>\t\t\t\t\t\t\t\t\t\t\t\t\t\t\t<\/div>\n\t\t\t\t<\/div>\n\t\t\t\t\t<\/div>\n\t\t<\/div>\n\t\t\t\t\t<\/div>\n\t\t<\/section>\n\t\t\t\t<section class=\"elementor-section elementor-top-section elementor-element elementor-element-423be1a0 elementor-section-boxed elementor-section-height-default elementor-section-height-default\" data-id=\"423be1a0\" data-element_type=\"section\" data-e-type=\"section\">\n\t\t\t\t\t\t<div class=\"elementor-container elementor-column-gap-default\">\n\t\t\t\t\t<div class=\"elementor-column elementor-col-100 elementor-top-column elementor-element elementor-element-1b703d37\" data-id=\"1b703d37\" data-element_type=\"column\" data-e-type=\"column\">\n\t\t\t<div class=\"elementor-widget-wrap elementor-element-populated\">\n\t\t\t\t\t\t<div class=\"elementor-element elementor-element-1e6235e elementor-widget elementor-widget-heading\" data-id=\"1e6235e\" data-element_type=\"widget\" data-e-type=\"widget\" data-widget_type=\"heading.default\">\n\t\t\t\t<div class=\"elementor-widget-container\">\n\t\t\t\t\t<h1 class=\"elementor-heading-title elementor-size-xl\">Kapelle St. Wendelin in Wineden<\/h1>\t\t\t\t<\/div>\n\t\t\t\t<\/div>\n\t\t\t\t\t<\/div>\n\t\t<\/div>\n\t\t\t\t\t<\/div>\n\t\t<\/section>\n\t\t\t\t<section class=\"elementor-section elementor-top-section elementor-element elementor-element-ce82c52 elementor-section-boxed elementor-section-height-default elementor-section-height-default\" data-id=\"ce82c52\" data-element_type=\"section\" data-e-type=\"section\">\n\t\t\t\t\t\t<div class=\"elementor-container elementor-column-gap-default\">\n\t\t\t\t\t<div class=\"elementor-column elementor-col-100 elementor-top-column elementor-element elementor-element-1b6e95b\" data-id=\"1b6e95b\" data-element_type=\"column\" data-e-type=\"column\">\n\t\t\t<div class=\"elementor-widget-wrap elementor-element-populated\">\n\t\t\t\t\t\t<div class=\"elementor-element elementor-element-92ecd0d elementor-widget elementor-widget-text-editor\" data-id=\"92ecd0d\" data-element_type=\"widget\" data-e-type=\"widget\" data-widget_type=\"text-editor.default\">\n\t\t\t\t<div class=\"elementor-widget-container\">\n\t\t\t\t\t\t\t\t\t<p>Die Kapelle in Wineden wurde 1794 erbaut und von 1883 bis 1890 umgestaltet. Das markante Altarbild stammt vom Mindelheimer K\u00fcnstler Erwin Holzbaur, der es nach einem Brandschaden 1960 neu malte. Es zeigt den heiligen Wendelin, wie er sch\u00fctzend die Hand \u00fcber das Dorf h\u00e4lt.<\/p>\n<p><b>Patron <\/b>in Wineden ist der <b>heilige Wendelin (555-617)<\/b>, was vermutlich mit der \u00c4hnlichkeit von Ortsnamen und Heiligem zusammenh\u00e4ngt. Wendelin und Wineden passen gut zusammen! Der heilige Wendelin soll ein schottischer K\u00f6nigssohn gewesen sein, der seinem Erbe entsagte und fortan als Einsiedler in der N\u00e4he der heutigen saarl\u00e4ndischen Stadt St. Wendel lebte. Sein Attribut ist ein Schaf, weil er zu Lebzeiten Schafe h\u00fctete. Das machte ihn sp\u00e4ter zu einem beliebten Viehpatron.\u00a0<\/p>\n<p>Das <b>Patrozinium <\/b>wird in Wineden immer um den <b>20. Oktober<\/b> an einem Samstag Vormittag gefeiert. Meist singt der Markt Rettenbacher Kirchenchor. Da sich in der Kapelle eine elektronische Orgel befindet, k\u00f6nnen die Gottesdienste musikalisch gut gestaltet werden.<\/p>\n<p>\u00a0<\/p>\t\t\t\t\t\t\t\t<\/div>\n\t\t\t\t<\/div>\n\t\t\t\t\t<\/div>\n\t\t<\/div>\n\t\t\t\t\t<\/div>\n\t\t<\/section>\n\t\t\t\t<section class=\"elementor-section elementor-top-section elementor-element elementor-element-e02f783 elementor-section-boxed elementor-section-height-default elementor-section-height-default\" data-id=\"e02f783\" data-element_type=\"section\" data-e-type=\"section\">\n\t\t\t\t\t\t<div class=\"elementor-container elementor-column-gap-default\">\n\t\t\t\t\t<div class=\"elementor-column elementor-col-33 elementor-top-column elementor-element elementor-element-dd1a9eb\" data-id=\"dd1a9eb\" data-element_type=\"column\" data-e-type=\"column\">\n\t\t\t<div class=\"elementor-widget-wrap elementor-element-populated\">\n\t\t\t\t\t\t<div class=\"elementor-element elementor-element-2441015 elementor-widget elementor-widget-image\" data-id=\"2441015\" data-element_type=\"widget\" data-e-type=\"widget\" data-widget_type=\"image.default\">\n\t\t\t\t<div class=\"elementor-widget-container\">\n\t\t\t\t\t\t\t\t\t\t\t\t\t\t\t<img decoding=\"async\" width=\"572\" height=\"749\" src=\"https:\/\/pg-markt-rettenbach.de\/wp-content\/uploads\/2023\/09\/MR-Wineden-Deckengemaelde.jpg\" class=\"attachment-large size-large wp-image-5637\" alt=\"\" srcset=\"https:\/\/pg-markt-rettenbach.de\/wp-content\/uploads\/2023\/09\/MR-Wineden-Deckengemaelde.jpg 572w, https:\/\/pg-markt-rettenbach.de\/wp-content\/uploads\/2023\/09\/MR-Wineden-Deckengemaelde-229x300.jpg 229w\" sizes=\"(max-width: 572px) 100vw, 572px\" \/>\t\t\t\t\t\t\t\t\t\t\t\t\t\t\t<\/div>\n\t\t\t\t<\/div>\n\t\t\t\t<div class=\"elementor-element elementor-element-4994cb7 elementor-widget elementor-widget-image\" data-id=\"4994cb7\" data-element_type=\"widget\" data-e-type=\"widget\" data-widget_type=\"image.default\">\n\t\t\t\t<div class=\"elementor-widget-container\">\n\t\t\t\t\t\t\t\t\t\t\t\t\t\t\t<img decoding=\"async\" width=\"371\" height=\"723\" src=\"https:\/\/pg-markt-rettenbach.de\/wp-content\/uploads\/2023\/09\/MR-Wineden-hl.-Gregor.jpg\" class=\"attachment-large size-large wp-image-5642\" alt=\"\" srcset=\"https:\/\/pg-markt-rettenbach.de\/wp-content\/uploads\/2023\/09\/MR-Wineden-hl.-Gregor.jpg 371w, https:\/\/pg-markt-rettenbach.de\/wp-content\/uploads\/2023\/09\/MR-Wineden-hl.-Gregor-154x300.jpg 154w\" sizes=\"(max-width: 371px) 100vw, 371px\" \/>\t\t\t\t\t\t\t\t\t\t\t\t\t\t\t<\/div>\n\t\t\t\t<\/div>\n\t\t\t\t\t<\/div>\n\t\t<\/div>\n\t\t\t\t<div class=\"elementor-column elementor-col-33 elementor-top-column elementor-element elementor-element-f6e0275\" data-id=\"f6e0275\" data-element_type=\"column\" data-e-type=\"column\">\n\t\t\t<div class=\"elementor-widget-wrap elementor-element-populated\">\n\t\t\t\t\t\t<div class=\"elementor-element elementor-element-a867a74 elementor-widget elementor-widget-text-editor\" data-id=\"a867a74\" data-element_type=\"widget\" data-e-type=\"widget\" data-widget_type=\"text-editor.default\">\n\t\t\t\t<div class=\"elementor-widget-container\">\n\t\t\t\t\t\t\t\t\t<p><b>Innenausstattung<\/b><\/p><p>Das <b>Deckengem\u00e4lde <\/b>stammt aus dem Jahr 1955 und wurde vom M\u00fcnchener K\u00fcnstler Joseph Baumann gemalt. Es stellt die Muttergottes in Form der Schutzmantelmadonna dar. Das Bild l\u00e4dt die Kapellenbesucher ein zu beten &#8222;Unter deinen Schutz und Schirm fliehen wird, o heilige Gottesmutter&#8220; (Gotteslob Nr. 5,7) und zu singen &#8222;Maria breit den Mantel aus&#8220; (Gotteslob Nr. 534).\u00a0<\/p><p>Beeindruckend ist auch das <b>Altarbild <\/b>vom Mindelheimer K\u00fcnstler Erwin Holzbauer, das er nach einem Brandschaden im Jahr 1960 neu gemalt hat. Es zeigt den heiligen Wendelin, wie er &#8211; in Begleitung von Engeln &#8211; sch\u00fctzend seine Hand \u00fcber den Ort Wineden h\u00e4lt.\u00a0<\/p><p>An der n\u00f6rdlichen Wand des Langhauses befindet sich die beeindruckende Figur des <b>hl. Papstes Gregor<\/b>, dargestellt mit Mitra und Buch. Gregor war Papst von 590 bis 604 und z\u00e4hlt zu den vier lateinischen Kirchenv\u00e4tern.\u00a0<\/p><p>An der n\u00f6rdlichen Seite des Chorbogens findet sich eine nachtr\u00e4glich angebrachte, sehr volkst\u00fcmliche Darstellung des <b>hl. Wendelin<\/b>, gerahmt von Rind und Schaf, ausgestattet mit Stab und Hirtentasche.\u00a0<\/p><p>\u00a0<\/p>\t\t\t\t\t\t\t\t<\/div>\n\t\t\t\t<\/div>\n\t\t\t\t\t<\/div>\n\t\t<\/div>\n\t\t\t\t<div class=\"elementor-column elementor-col-33 elementor-top-column elementor-element elementor-element-0f5a294\" data-id=\"0f5a294\" data-element_type=\"column\" data-e-type=\"column\">\n\t\t\t<div class=\"elementor-widget-wrap elementor-element-populated\">\n\t\t\t\t\t\t<div class=\"elementor-element elementor-element-86b15fd elementor-widget elementor-widget-image\" data-id=\"86b15fd\" data-element_type=\"widget\" data-e-type=\"widget\" data-widget_type=\"image.default\">\n\t\t\t\t<div class=\"elementor-widget-container\">\n\t\t\t\t\t\t\t\t\t\t\t\t\t\t\t<img loading=\"lazy\" decoding=\"async\" width=\"349\" height=\"752\" src=\"https:\/\/pg-markt-rettenbach.de\/wp-content\/uploads\/2023\/09\/MR-Wineden-Hochaltar.jpg\" class=\"attachment-large size-large wp-image-5636\" alt=\"\" srcset=\"https:\/\/pg-markt-rettenbach.de\/wp-content\/uploads\/2023\/09\/MR-Wineden-Hochaltar.jpg 349w, https:\/\/pg-markt-rettenbach.de\/wp-content\/uploads\/2023\/09\/MR-Wineden-Hochaltar-139x300.jpg 139w\" sizes=\"(max-width: 349px) 100vw, 349px\" \/>\t\t\t\t\t\t\t\t\t\t\t\t\t\t\t<\/div>\n\t\t\t\t<\/div>\n\t\t\t\t<div class=\"elementor-element elementor-element-d3890e6 elementor-widget elementor-widget-image\" data-id=\"d3890e6\" data-element_type=\"widget\" data-e-type=\"widget\" data-widget_type=\"image.default\">\n\t\t\t\t<div class=\"elementor-widget-container\">\n\t\t\t\t\t\t\t\t\t\t\t\t\t\t\t<img loading=\"lazy\" decoding=\"async\" width=\"346\" height=\"555\" src=\"https:\/\/pg-markt-rettenbach.de\/wp-content\/uploads\/2023\/09\/MR-Wineden-hl.-Wendelin.jpg\" class=\"attachment-large size-large wp-image-5638\" alt=\"\" srcset=\"https:\/\/pg-markt-rettenbach.de\/wp-content\/uploads\/2023\/09\/MR-Wineden-hl.-Wendelin.jpg 346w, https:\/\/pg-markt-rettenbach.de\/wp-content\/uploads\/2023\/09\/MR-Wineden-hl.-Wendelin-187x300.jpg 187w\" sizes=\"(max-width: 346px) 100vw, 346px\" \/>\t\t\t\t\t\t\t\t\t\t\t\t\t\t\t<\/div>\n\t\t\t\t<\/div>\n\t\t\t\t\t<\/div>\n\t\t<\/div>\n\t\t\t\t\t<\/div>\n\t\t<\/section>\n\t\t\t\t<section class=\"elementor-section elementor-top-section elementor-element elementor-element-7865b1d elementor-section-boxed elementor-section-height-default elementor-section-height-default\" data-id=\"7865b1d\" data-element_type=\"section\" data-e-type=\"section\">\n\t\t\t\t\t\t<div class=\"elementor-container elementor-column-gap-default\">\n\t\t\t\t\t<div class=\"elementor-column elementor-col-100 elementor-top-column elementor-element elementor-element-7cf73e3\" data-id=\"7cf73e3\" data-element_type=\"column\" data-e-type=\"column\">\n\t\t\t<div class=\"elementor-widget-wrap elementor-element-populated\">\n\t\t\t\t\t\t<div class=\"elementor-element elementor-element-38f883f elementor-widget elementor-widget-spacer\" data-id=\"38f883f\" data-element_type=\"widget\" data-e-type=\"widget\" data-widget_type=\"spacer.default\">\n\t\t\t\t<div class=\"elementor-widget-container\">\n\t\t\t\t\t\t\t<div class=\"elementor-spacer\">\n\t\t\t<div class=\"elementor-spacer-inner\"><\/div>\n\t\t<\/div>\n\t\t\t\t\t\t<\/div>\n\t\t\t\t<\/div>\n\t\t\t\t\t<\/div>\n\t\t<\/div>\n\t\t\t\t\t<\/div>\n\t\t<\/section>\n\t\t\t\t<\/div>\n\t\t","protected":false},"excerpt":{"rendered":"<p>Kapelle St. Wendelin in Wineden Die Kapelle in Wineden wurde 1794 erbaut und von 1883 bis 1890 umgestaltet. Das markante Altarbild stammt vom Mindelheimer K\u00fcnstler Erwin Holzbaur, der es nach [&hellip;]<\/p>\n","protected":false},"author":1,"featured_media":0,"parent":305,"menu_order":318,"comment_status":"closed","ping_status":"closed","template":"","meta":{"_EventAllDay":false,"_EventTimezone":"","_EventStartDate":"","_EventEndDate":"","_EventStartDateUTC":"","_EventEndDateUTC":"","_EventShowMap":false,"_EventShowMapLink":false,"_EventURL":"","_EventCost":"","_EventCostDescription":"","_EventCurrencySymbol":"","_EventCurrencyCode":"","_EventCurrencyPosition":"","_EventDateTimeSeparator":"","_EventTimeRangeSeparator":"","_EventOrganizerID":[],"_EventVenueID":[],"_OrganizerEmail":"","_OrganizerPhone":"","_OrganizerWebsite":"","_VenueAddress":"","_VenueCity":"","_VenueCountry":"","_VenueProvince":"","_VenueState":"","_VenueZip":"","_VenuePhone":"","_VenueURL":"","_VenueStateProvince":"","_VenueLat":"","_VenueLng":"","_VenueShowMap":false,"_VenueShowMapLink":false,"footnotes":""},"class_list":["post-2922","page","type-page","status-publish","hentry"],"_links":{"self":[{"href":"https:\/\/pg-markt-rettenbach.de\/startseite\/wp-json\/wp\/v2\/pages\/2922","targetHints":{"allow":["GET"]}}],"collection":[{"href":"https:\/\/pg-markt-rettenbach.de\/startseite\/wp-json\/wp\/v2\/pages"}],"about":[{"href":"https:\/\/pg-markt-rettenbach.de\/startseite\/wp-json\/wp\/v2\/types\/page"}],"author":[{"embeddable":true,"href":"https:\/\/pg-markt-rettenbach.de\/startseite\/wp-json\/wp\/v2\/users\/1"}],"replies":[{"embeddable":true,"href":"https:\/\/pg-markt-rettenbach.de\/startseite\/wp-json\/wp\/v2\/comments?post=2922"}],"version-history":[{"count":10,"href":"https:\/\/pg-markt-rettenbach.de\/startseite\/wp-json\/wp\/v2\/pages\/2922\/revisions"}],"predecessor-version":[{"id":5654,"href":"https:\/\/pg-markt-rettenbach.de\/startseite\/wp-json\/wp\/v2\/pages\/2922\/revisions\/5654"}],"up":[{"embeddable":true,"href":"https:\/\/pg-markt-rettenbach.de\/startseite\/wp-json\/wp\/v2\/pages\/305"}],"wp:attachment":[{"href":"https:\/\/pg-markt-rettenbach.de\/startseite\/wp-json\/wp\/v2\/media?parent=2922"}],"curies":[{"name":"wp","href":"https:\/\/api.w.org\/{rel}","templated":true}]}}