{"id":361,"date":"2023-06-02T22:33:10","date_gmt":"2023-06-02T20:33:10","guid":{"rendered":"https:\/\/pg-markt-rettenbach.de\/neu\/?page_id=361"},"modified":"2025-01-07T17:18:25","modified_gmt":"2025-01-07T16:18:25","slug":"kirchenverwaltung-markt-rettenbach","status":"publish","type":"page","link":"https:\/\/pg-markt-rettenbach.de\/startseite\/startseite\/pfarreien\/st-jakobus-markt-rettenbach\/kirchenverwaltung-markt-rettenbach\/","title":{"rendered":"Kirchenverwaltung Markt Rettenbach"},"content":{"rendered":"\t\t<div data-elementor-type=\"wp-page\" data-elementor-id=\"361\" class=\"elementor elementor-361\" data-elementor-post-type=\"page\">\n\t\t\t\t\t\t<section class=\"elementor-section elementor-top-section elementor-element elementor-element-d680303 elementor-section-boxed elementor-section-height-default elementor-section-height-default\" data-id=\"d680303\" data-element_type=\"section\" data-e-type=\"section\">\n\t\t\t\t\t\t<div class=\"elementor-container elementor-column-gap-default\">\n\t\t\t\t\t<div class=\"elementor-column elementor-col-100 elementor-top-column elementor-element elementor-element-796ed4e\" data-id=\"796ed4e\" data-element_type=\"column\" data-e-type=\"column\">\n\t\t\t<div class=\"elementor-widget-wrap elementor-element-populated\">\n\t\t\t\t\t\t<div class=\"elementor-element elementor-element-460f522 elementor-widget elementor-widget-heading\" data-id=\"460f522\" data-element_type=\"widget\" data-e-type=\"widget\" data-widget_type=\"heading.default\">\n\t\t\t\t<div class=\"elementor-widget-container\">\n\t\t\t\t\t<h2 class=\"elementor-heading-title elementor-size-xl\">Kirchenverwaltung St. Jakobus Markt Rettenbach<br>mit Filiale St. Leonhard Gottenau<\/h2>\t\t\t\t<\/div>\n\t\t\t\t<\/div>\n\t\t\t\t\t<\/div>\n\t\t<\/div>\n\t\t\t\t\t<\/div>\n\t\t<\/section>\n\t\t\t\t<section class=\"elementor-section elementor-top-section elementor-element elementor-element-2398698f elementor-section-boxed elementor-section-height-default elementor-section-height-default\" data-id=\"2398698f\" data-element_type=\"section\" data-e-type=\"section\">\n\t\t\t\t\t\t<div class=\"elementor-container elementor-column-gap-default\">\n\t\t\t\t\t<div class=\"elementor-column elementor-col-100 elementor-top-column elementor-element elementor-element-564d89a8\" data-id=\"564d89a8\" data-element_type=\"column\" data-e-type=\"column\">\n\t\t\t<div class=\"elementor-widget-wrap elementor-element-populated\">\n\t\t\t\t\t\t<div class=\"elementor-element elementor-element-31edfb1 elementor-widget elementor-widget-text-editor\" data-id=\"31edfb1\" data-element_type=\"widget\" data-e-type=\"widget\" data-widget_type=\"text-editor.default\">\n\t\t\t\t<div class=\"elementor-widget-container\">\n\t\t\t\t\t\t\t\t\t<p><!-- \/wp:paragraph --><!-- wp:paragraph --><\/p>\n<p><span style=\"color: var( --e-global-color-text ); font-family: var( --e-global-typography-text-font-family ), Sans-serif; font-size: var( --e-global-typography-text-font-size ); font-weight: var( --e-global-typography-text-font-weight );\">Die Kirchenverwaltung vertritt und verwaltet alle Angelegenheit der Kirchenstiftung. Sie erstellt den j\u00e4hrlichen Haushaltsplan und pr\u00fcft die Abrechnung.<\/span><\/p>\n<p><!-- \/wp:paragraph --><!-- wp:paragraph --><\/p>\n<p>Sie verwaltet die finanziellen Mittel der Stiftung, stellt kirchliche Mitarbeiter ein. Stehen notwendige Bau- und Instandsetzungsma\u00dfnahmen der Kirche oder der pfarrgemeindlichen Geb\u00e4ude an, so ist die Kirchenverwaltung daf\u00fcr zust\u00e4ndig.<\/p>\n<p><!-- \/wp:paragraph --><!-- wp:paragraph --><\/p>\n<p><strong>Der Kirchenverwaltung Markt Rettenbach geh\u00f6rt an<\/strong>:<\/p>\n<p><!-- \/wp:paragraph --><!-- wp:table --><\/p>\n<figure class=\"wp-block-table\">\n<table>\n<tbody>\n<tr>\n<td>Beck Guido<\/td>\n<td>Pfarrer und Kirchenverwaltungsvorstand<\/td>\n<\/tr>\n<tr>\n<td>Barbara Mesch<\/td>\n<td>KV-Mitglied, Kirchenpflegerin, 08392 1455<\/td>\n<\/tr>\n<tr>\n<td>Georg Lutz<\/td>\n<td>KV-Mitglied<\/td>\n<\/tr>\n<tr>\n<td>Fritz Huscher<\/td>\n<td>KV-Mitglied<\/td>\n<\/tr>\n<tr>\n<td>Christian Demmler<\/td>\n<td>KV-Mitglied<\/td>\n<\/tr>\n<\/tbody>\n<\/table>\n<\/figure>\n<p><!-- \/wp:table --><!-- wp:paragraph --><\/p>\n<p><strong>Filialkirchenverwaltung St. Leonhard Gottenau<\/strong>:<\/p>\n<p><!-- \/wp:paragraph --><!-- wp:table --><\/p>\n<figure class=\"wp-block-table\">\n<table>\n<tbody>\n<tr>\n<td>Beck Guido<\/td>\n<td>Pfarrer und Kirchenverwaltungsvorstand<\/td>\n<\/tr>\n<tr>\n<td>Benedikt Aurbacher<\/td>\n<td>Kirchenpfleger, 08392 1251<\/td>\n<\/tr>\n<tr>\n<td>Franz Kuisle<\/td>\n<td>KV-Mitglied<\/td>\n<\/tr>\n<tr>\n<td>Martin Herz<\/td>\n<td>KV-Mitglied<\/td>\n<\/tr>\n<tr>\n<td>Andreas Unglert<\/td>\n<td>KV-Mitglied<\/td>\n<\/tr>\n<\/tbody>\n<\/table>\n<\/figure>\n<div class=\"wp-block-buttons\">\n<p><!-- \/wp:button --><\/p>\n<\/div>\n<p><!-- \/wp:buttons --><\/p>\t\t\t\t\t\t\t\t<\/div>\n\t\t\t\t<\/div>\n\t\t\t\t\t<\/div>\n\t\t<\/div>\n\t\t\t\t\t<\/div>\n\t\t<\/section>\n\t\t\t\t<\/div>\n\t\t","protected":false},"excerpt":{"rendered":"<p>Kirchenverwaltung St. Jakobus Markt Rettenbachmit Filiale St. Leonhard Gottenau Die Kirchenverwaltung vertritt und verwaltet alle Angelegenheit der Kirchenstiftung. Sie erstellt den j\u00e4hrlichen Haushaltsplan und pr\u00fcft die Abrechnung. Sie verwaltet die [&hellip;]<\/p>\n","protected":false},"author":1,"featured_media":0,"parent":305,"menu_order":303,"comment_status":"closed","ping_status":"closed","template":"","meta":{"_EventAllDay":false,"_EventTimezone":"","_EventStartDate":"","_EventEndDate":"","_EventStartDateUTC":"","_EventEndDateUTC":"","_EventShowMap":false,"_EventShowMapLink":false,"_EventURL":"","_EventCost":"","_EventCostDescription":"","_EventCurrencySymbol":"","_EventCurrencyCode":"","_EventCurrencyPosition":"","_EventDateTimeSeparator":"","_EventTimeRangeSeparator":"","_EventOrganizerID":[],"_EventVenueID":[],"_OrganizerEmail":"","_OrganizerPhone":"","_OrganizerWebsite":"","_VenueAddress":"","_VenueCity":"","_VenueCountry":"","_VenueProvince":"","_VenueState":"","_VenueZip":"","_VenuePhone":"","_VenueURL":"","_VenueStateProvince":"","_VenueLat":"","_VenueLng":"","_VenueShowMap":false,"_VenueShowMapLink":false,"footnotes":""},"class_list":["post-361","page","type-page","status-publish","hentry"],"_links":{"self":[{"href":"https:\/\/pg-markt-rettenbach.de\/startseite\/wp-json\/wp\/v2\/pages\/361","targetHints":{"allow":["GET"]}}],"collection":[{"href":"https:\/\/pg-markt-rettenbach.de\/startseite\/wp-json\/wp\/v2\/pages"}],"about":[{"href":"https:\/\/pg-markt-rettenbach.de\/startseite\/wp-json\/wp\/v2\/types\/page"}],"author":[{"embeddable":true,"href":"https:\/\/pg-markt-rettenbach.de\/startseite\/wp-json\/wp\/v2\/users\/1"}],"replies":[{"embeddable":true,"href":"https:\/\/pg-markt-rettenbach.de\/startseite\/wp-json\/wp\/v2\/comments?post=361"}],"version-history":[{"count":10,"href":"https:\/\/pg-markt-rettenbach.de\/startseite\/wp-json\/wp\/v2\/pages\/361\/revisions"}],"predecessor-version":[{"id":13569,"href":"https:\/\/pg-markt-rettenbach.de\/startseite\/wp-json\/wp\/v2\/pages\/361\/revisions\/13569"}],"up":[{"embeddable":true,"href":"https:\/\/pg-markt-rettenbach.de\/startseite\/wp-json\/wp\/v2\/pages\/305"}],"wp:attachment":[{"href":"https:\/\/pg-markt-rettenbach.de\/startseite\/wp-json\/wp\/v2\/media?parent=361"}],"curies":[{"name":"wp","href":"https:\/\/api.w.org\/{rel}","templated":true}]}}