{"id":641,"date":"2023-06-04T20:06:47","date_gmt":"2023-06-04T18:06:47","guid":{"rendered":"https:\/\/pg-markt-rettenbach.de\/neu\/?page_id=641"},"modified":"2024-06-28T20:49:23","modified_gmt":"2024-06-28T18:49:23","slug":"ministranten-eutenhausen-mussenhausen","status":"publish","type":"page","link":"https:\/\/pg-markt-rettenbach.de\/startseite\/startseite\/pfarreien\/st-otmar-eutenhausen\/ministranten-eutenhausen-mussenhausen\/","title":{"rendered":"Ministranten Eutenhausen-Mussenhausen"},"content":{"rendered":"\t\t<div data-elementor-type=\"wp-page\" data-elementor-id=\"641\" class=\"elementor elementor-641\" data-elementor-post-type=\"page\">\n\t\t\t\t\t\t<section class=\"elementor-section elementor-top-section elementor-element elementor-element-03101e7 elementor-section-boxed elementor-section-height-default elementor-section-height-default\" data-id=\"03101e7\" data-element_type=\"section\" data-e-type=\"section\">\n\t\t\t\t\t\t<div class=\"elementor-container elementor-column-gap-default\">\n\t\t\t\t\t<div class=\"elementor-column elementor-col-100 elementor-top-column elementor-element elementor-element-f53229a\" data-id=\"f53229a\" data-element_type=\"column\" data-e-type=\"column\">\n\t\t\t<div class=\"elementor-widget-wrap elementor-element-populated\">\n\t\t\t\t\t\t<div class=\"elementor-element elementor-element-46c7162 elementor-widget elementor-widget-heading\" data-id=\"46c7162\" data-element_type=\"widget\" data-e-type=\"widget\" data-widget_type=\"heading.default\">\n\t\t\t\t<div class=\"elementor-widget-container\">\n\t\t\t\t\t<h2 class=\"elementor-heading-title elementor-size-xl\">Ministranten Eutenhausen-Mussenhausen<\/h2>\t\t\t\t<\/div>\n\t\t\t\t<\/div>\n\t\t\t\t\t<\/div>\n\t\t<\/div>\n\t\t\t\t\t<\/div>\n\t\t<\/section>\n\t\t\t\t<section class=\"elementor-section elementor-top-section elementor-element elementor-element-16ac7403 elementor-section-boxed elementor-section-height-default elementor-section-height-default\" data-id=\"16ac7403\" data-element_type=\"section\" data-e-type=\"section\">\n\t\t\t\t\t\t<div class=\"elementor-container elementor-column-gap-default\">\n\t\t\t\t\t<div class=\"elementor-column elementor-col-100 elementor-top-column elementor-element elementor-element-3fb2370\" data-id=\"3fb2370\" data-element_type=\"column\" data-e-type=\"column\">\n\t\t\t<div class=\"elementor-widget-wrap elementor-element-populated\">\n\t\t\t\t\t\t<div class=\"elementor-element elementor-element-20cfb2c6 elementor-widget elementor-widget-text-editor\" data-id=\"20cfb2c6\" data-element_type=\"widget\" data-e-type=\"widget\" data-widget_type=\"text-editor.default\">\n\t\t\t\t<div class=\"elementor-widget-container\">\n\t\t\t\t\t\t\t\t\t<p><\/p>\n<p>Hallo!<\/p>\n<p><\/p>\n<p><\/p>\n<p>Wir sind die Ministranten aus Eutenhausen. Zur Zeit sind wir 7 M\u00e4dchen \/ Jungs die in Eutenhausen sowie 3 Jungs und 1 M\u00e4dchen, die in Mussenhausen an den Gottesdiensten ministrieren.<\/p>\n<p><\/p>\n<p><\/p>\n<p>Unsere Hauptaufgabe ist der Dienst am Altar. W\u00e4hrend der Eucharistiefeier bringen wir Brot und Wein und verleihen den Gottesdiensten durch Kerzenleuchter und Weihrauch einen besonders festlichen Rahmen. Jedes Jahr sind wir auch als Sternsinger t\u00e4tig.<\/p>\n<p><\/p>\n<p><\/p>\n<p>Nat\u00fcrlich treffen wir uns auch au\u00dferhalb der Kirche, z. B. zum Pizzaessen usw. und haben viel Spa\u00df zusammen.<\/p>\n<p><\/p>\n<p><\/p>\n<p>Wer gerne mitmachen m\u00f6chte, wendet sich bitte an:<\/p>\n<p><\/p>\n<p><\/p>\n<p>Martin Urlbauer<\/p>\n<p>\u00a0<\/p>\n<h3>K\u00fcrzlich bekamen wir neue Ministranten-TShirts:<\/h3>\n<p><\/p>\n<p><\/p>\n<p><\/p>\t\t\t\t\t\t\t\t<\/div>\n\t\t\t\t<\/div>\n\t\t\t\t\t<\/div>\n\t\t<\/div>\n\t\t\t\t\t<\/div>\n\t\t<\/section>\n\t\t\t\t<section class=\"elementor-section elementor-top-section elementor-element elementor-element-da450c0 elementor-section-boxed elementor-section-height-default elementor-section-height-default\" data-id=\"da450c0\" data-element_type=\"section\" data-e-type=\"section\">\n\t\t\t\t\t\t<div class=\"elementor-container elementor-column-gap-default\">\n\t\t\t\t\t<div class=\"elementor-column elementor-col-100 elementor-top-column elementor-element elementor-element-a6a9494\" data-id=\"a6a9494\" data-element_type=\"column\" data-e-type=\"column\">\n\t\t\t<div class=\"elementor-widget-wrap elementor-element-populated\">\n\t\t\t\t\t\t<div class=\"elementor-element elementor-element-8f3539e elementor-widget elementor-widget-image\" data-id=\"8f3539e\" data-element_type=\"widget\" data-e-type=\"widget\" data-widget_type=\"image.default\">\n\t\t\t\t<div class=\"elementor-widget-container\">\n\t\t\t\t\t\t\t\t\t\t\t\t\t\t\t<img fetchpriority=\"high\" decoding=\"async\" width=\"888\" height=\"579\" src=\"https:\/\/pg-markt-rettenbach.de\/wp-content\/uploads\/2024\/06\/EU-Minis.jpg\" class=\"attachment-1536x1536 size-1536x1536 wp-image-11726\" alt=\"\" srcset=\"https:\/\/pg-markt-rettenbach.de\/wp-content\/uploads\/2024\/06\/EU-Minis.jpg 888w, https:\/\/pg-markt-rettenbach.de\/wp-content\/uploads\/2024\/06\/EU-Minis-300x196.jpg 300w, https:\/\/pg-markt-rettenbach.de\/wp-content\/uploads\/2024\/06\/EU-Minis-768x501.jpg 768w\" sizes=\"(max-width: 888px) 100vw, 888px\" \/>\t\t\t\t\t\t\t\t\t\t\t\t\t\t\t<\/div>\n\t\t\t\t<\/div>\n\t\t\t\t\t<\/div>\n\t\t<\/div>\n\t\t\t\t\t<\/div>\n\t\t<\/section>\n\t\t\t\t<section class=\"elementor-section elementor-top-section elementor-element elementor-element-4f2503c elementor-section-boxed elementor-section-height-default elementor-section-height-default\" data-id=\"4f2503c\" data-element_type=\"section\" data-e-type=\"section\">\n\t\t\t\t\t\t<div class=\"elementor-container elementor-column-gap-default\">\n\t\t\t\t\t<div class=\"elementor-column elementor-col-100 elementor-top-column elementor-element elementor-element-5b471ce\" data-id=\"5b471ce\" data-element_type=\"column\" data-e-type=\"column\">\n\t\t\t<div class=\"elementor-widget-wrap elementor-element-populated\">\n\t\t\t\t\t\t<div class=\"elementor-element elementor-element-7dd57d9 elementor-widget elementor-widget-spacer\" data-id=\"7dd57d9\" data-element_type=\"widget\" data-e-type=\"widget\" data-widget_type=\"spacer.default\">\n\t\t\t\t<div class=\"elementor-widget-container\">\n\t\t\t\t\t\t\t<div class=\"elementor-spacer\">\n\t\t\t<div class=\"elementor-spacer-inner\"><\/div>\n\t\t<\/div>\n\t\t\t\t\t\t<\/div>\n\t\t\t\t<\/div>\n\t\t\t\t\t<\/div>\n\t\t<\/div>\n\t\t\t\t\t<\/div>\n\t\t<\/section>\n\t\t\t\t<\/div>\n\t\t","protected":false},"excerpt":{"rendered":"<p>Ministranten Eutenhausen-Mussenhausen Hallo! Wir sind die Ministranten aus Eutenhausen. Zur Zeit sind wir 7 M\u00e4dchen \/ Jungs die in Eutenhausen sowie 3 Jungs und 1 M\u00e4dchen, die in Mussenhausen an [&hellip;]<\/p>\n","protected":false},"author":1,"featured_media":0,"parent":321,"menu_order":363,"comment_status":"closed","ping_status":"closed","template":"","meta":{"_EventAllDay":false,"_EventTimezone":"","_EventStartDate":"","_EventEndDate":"","_EventStartDateUTC":"","_EventEndDateUTC":"","_EventShowMap":false,"_EventShowMapLink":false,"_EventURL":"","_EventCost":"","_EventCostDescription":"","_EventCurrencySymbol":"","_EventCurrencyCode":"","_EventCurrencyPosition":"","_EventDateTimeSeparator":"","_EventTimeRangeSeparator":"","_EventOrganizerID":[],"_EventVenueID":[],"_OrganizerEmail":"","_OrganizerPhone":"","_OrganizerWebsite":"","_VenueAddress":"","_VenueCity":"","_VenueCountry":"","_VenueProvince":"","_VenueState":"","_VenueZip":"","_VenuePhone":"","_VenueURL":"","_VenueStateProvince":"","_VenueLat":"","_VenueLng":"","_VenueShowMap":false,"_VenueShowMapLink":false,"footnotes":""},"class_list":["post-641","page","type-page","status-publish","hentry"],"_links":{"self":[{"href":"https:\/\/pg-markt-rettenbach.de\/startseite\/wp-json\/wp\/v2\/pages\/641","targetHints":{"allow":["GET"]}}],"collection":[{"href":"https:\/\/pg-markt-rettenbach.de\/startseite\/wp-json\/wp\/v2\/pages"}],"about":[{"href":"https:\/\/pg-markt-rettenbach.de\/startseite\/wp-json\/wp\/v2\/types\/page"}],"author":[{"embeddable":true,"href":"https:\/\/pg-markt-rettenbach.de\/startseite\/wp-json\/wp\/v2\/users\/1"}],"replies":[{"embeddable":true,"href":"https:\/\/pg-markt-rettenbach.de\/startseite\/wp-json\/wp\/v2\/comments?post=641"}],"version-history":[{"count":10,"href":"https:\/\/pg-markt-rettenbach.de\/startseite\/wp-json\/wp\/v2\/pages\/641\/revisions"}],"predecessor-version":[{"id":11729,"href":"https:\/\/pg-markt-rettenbach.de\/startseite\/wp-json\/wp\/v2\/pages\/641\/revisions\/11729"}],"up":[{"embeddable":true,"href":"https:\/\/pg-markt-rettenbach.de\/startseite\/wp-json\/wp\/v2\/pages\/321"}],"wp:attachment":[{"href":"https:\/\/pg-markt-rettenbach.de\/startseite\/wp-json\/wp\/v2\/media?parent=641"}],"curies":[{"name":"wp","href":"https:\/\/api.w.org\/{rel}","templated":true}]}}