{"id":6870,"date":"2023-10-10T15:00:52","date_gmt":"2023-10-10T13:00:52","guid":{"rendered":"https:\/\/pg-markt-rettenbach.de\/startseite\/?page_id=6870"},"modified":"2023-12-12T12:17:07","modified_gmt":"2023-12-12T11:17:07","slug":"engetried-fruehstuecksteam","status":"publish","type":"page","link":"https:\/\/pg-markt-rettenbach.de\/startseite\/startseite\/pfarreien\/st-blasius-engetried\/engetried-fruehstuecksteam\/","title":{"rendered":"Engetried Fr\u00fchst\u00fccksteam"},"content":{"rendered":"\t\t<div data-elementor-type=\"wp-page\" data-elementor-id=\"6870\" class=\"elementor elementor-6870\" data-elementor-post-type=\"page\">\n\t\t\t\t\t\t<section class=\"elementor-section elementor-top-section elementor-element elementor-element-903361e elementor-section-boxed elementor-section-height-default elementor-section-height-default\" data-id=\"903361e\" data-element_type=\"section\" data-e-type=\"section\">\n\t\t\t\t\t\t<div class=\"elementor-container elementor-column-gap-default\">\n\t\t\t\t\t<div class=\"elementor-column elementor-col-100 elementor-top-column elementor-element elementor-element-c476087\" data-id=\"c476087\" data-element_type=\"column\" data-e-type=\"column\">\n\t\t\t<div class=\"elementor-widget-wrap elementor-element-populated\">\n\t\t\t\t\t\t<div class=\"elementor-element elementor-element-7673083 elementor-widget elementor-widget-heading\" data-id=\"7673083\" data-element_type=\"widget\" data-e-type=\"widget\" data-widget_type=\"heading.default\">\n\t\t\t\t<div class=\"elementor-widget-container\">\n\t\t\t\t\t<h2 class=\"elementor-heading-title elementor-size-xl\">Fr\u00fchst\u00fccksteam Engetried<\/h2>\t\t\t\t<\/div>\n\t\t\t\t<\/div>\n\t\t\t\t\t<\/div>\n\t\t<\/div>\n\t\t\t\t\t<\/div>\n\t\t<\/section>\n\t\t\t\t<section class=\"elementor-section elementor-top-section elementor-element elementor-element-24656cb elementor-section-boxed elementor-section-height-default elementor-section-height-default\" data-id=\"24656cb\" data-element_type=\"section\" data-e-type=\"section\">\n\t\t\t\t\t\t<div class=\"elementor-container elementor-column-gap-default\">\n\t\t\t\t\t<div class=\"elementor-column elementor-col-100 elementor-top-column elementor-element elementor-element-fced494\" data-id=\"fced494\" data-element_type=\"column\" data-e-type=\"column\">\n\t\t\t<div class=\"elementor-widget-wrap elementor-element-populated\">\n\t\t\t\t\t\t<div class=\"elementor-element elementor-element-eada87f elementor-widget elementor-widget-text-editor\" data-id=\"eada87f\" data-element_type=\"widget\" data-e-type=\"widget\" data-widget_type=\"text-editor.default\">\n\t\t\t\t<div class=\"elementor-widget-container\">\n\t\t\t\t\t\t\t\t\t<p>Das Fr\u00fchst\u00fccksteam der Pfarrgemeinde Engetried l\u00e4dt von Oktober bis Mai jeden zweiten Dienstag im Monat ab 9.00 Uhr zum Fr\u00fchst\u00fcck ins Pfarrheim ein.&nbsp;<\/p><p>Nach einer Einstimmung fr\u00fchst\u00fccken wir gemeinsam und genie\u00dfen das Zusammensein in geselliger Runde, in der die Unterhaltung nicht zu kurz kommt.&nbsp;<span style=\"color: var( --e-global-color-text ); font-family: var( --e-global-typography-text-font-family ), Sans-serif; font-size: var( --e-global-typography-text-font-size ); font-weight: var( --e-global-typography-text-font-weight );\">Im Advent oder Fasching gestalten wir den Vormittag mit besonderen Beitr\u00e4gen. Auch ein H\u00f6hepunkt ist der Besuch der Kindergartenkinder mit ihren Liedern und Spielen.&nbsp;<\/span><span style=\"color: var( --e-global-color-text ); font-family: var( --e-global-typography-text-font-family ), Sans-serif; font-size: var( --e-global-typography-text-font-size ); font-weight: var( --e-global-typography-text-font-weight );\">Schauen Sie gerne einmal bei uns vorbei, wir w\u00fcrden uns freuen!&nbsp;<\/span><\/p><p>Antonie Daufratshofer,&nbsp;Rosmarie K\u00f6\u00dfler,&nbsp;Cornelia Niederhofer &amp; Rosi Schneider.<\/p><p><span style=\"color: var( --e-global-color-text ); font-family: var( --e-global-typography-text-font-family ), Sans-serif; font-size: var( --e-global-typography-text-font-size ); font-weight: var( --e-global-typography-text-font-weight );\">Falls Sie Fragen haben, k\u00f6nnen Sie gerne bei&nbsp;<\/span><span style=\"color: var( --e-global-color-text ); font-family: var( --e-global-typography-text-font-family ), Sans-serif; font-size: var( --e-global-typography-text-font-size );\"><span style=\"font-weight: 700;\">Rosi Schneider&nbsp;<\/span><\/span><span style=\"color: var( --e-global-color-text ); font-family: var( --e-global-typography-text-font-family ), Sans-serif; font-size: var( --e-global-typography-text-font-size ); font-weight: var( --e-global-typography-text-font-weight );\">anrufen, Tel. (08392)&nbsp;<\/span><span style=\"color: var( --e-global-color-text ); font-family: var( --e-global-typography-text-font-family ), Sans-serif; font-size: var( --e-global-typography-text-font-size );\"><span style=\"font-weight: 700;\">924 188<\/span><\/span><span style=\"color: var( --e-global-color-text ); font-family: var( --e-global-typography-text-font-family ), Sans-serif; font-size: var( --e-global-typography-text-font-size ); font-weight: var( --e-global-typography-text-font-weight );\">.<\/span><\/p>\t\t\t\t\t\t\t\t<\/div>\n\t\t\t\t<\/div>\n\t\t\t\t\t<\/div>\n\t\t<\/div>\n\t\t\t\t\t<\/div>\n\t\t<\/section>\n\t\t\t\t<section class=\"elementor-section elementor-top-section elementor-element elementor-element-002b24f elementor-section-boxed elementor-section-height-default elementor-section-height-default\" data-id=\"002b24f\" data-element_type=\"section\" data-e-type=\"section\">\n\t\t\t\t\t\t<div class=\"elementor-container elementor-column-gap-default\">\n\t\t\t\t\t<div class=\"elementor-column elementor-col-50 elementor-top-column elementor-element elementor-element-1ebb02b\" data-id=\"1ebb02b\" data-element_type=\"column\" data-e-type=\"column\">\n\t\t\t<div class=\"elementor-widget-wrap elementor-element-populated\">\n\t\t\t\t\t\t<div class=\"elementor-element elementor-element-9a4fc0a elementor-widget elementor-widget-image\" data-id=\"9a4fc0a\" data-element_type=\"widget\" data-e-type=\"widget\" data-widget_type=\"image.default\">\n\t\t\t\t<div class=\"elementor-widget-container\">\n\t\t\t\t\t\t\t\t\t\t\t\t\t\t\t<img fetchpriority=\"high\" decoding=\"async\" width=\"545\" height=\"554\" src=\"https:\/\/pg-markt-rettenbach.de\/wp-content\/uploads\/2023\/12\/ER-Fruehstuecksteam.jpg\" class=\"attachment-large size-large wp-image-8301\" alt=\"\" srcset=\"https:\/\/pg-markt-rettenbach.de\/wp-content\/uploads\/2023\/12\/ER-Fruehstuecksteam.jpg 545w, https:\/\/pg-markt-rettenbach.de\/wp-content\/uploads\/2023\/12\/ER-Fruehstuecksteam-295x300.jpg 295w\" sizes=\"(max-width: 545px) 100vw, 545px\" \/>\t\t\t\t\t\t\t\t\t\t\t\t\t\t\t<\/div>\n\t\t\t\t<\/div>\n\t\t\t\t\t<\/div>\n\t\t<\/div>\n\t\t\t\t<div class=\"elementor-column elementor-col-50 elementor-top-column elementor-element elementor-element-da60237\" data-id=\"da60237\" data-element_type=\"column\" data-e-type=\"column\">\n\t\t\t<div class=\"elementor-widget-wrap elementor-element-populated\">\n\t\t\t\t\t\t<div class=\"elementor-element elementor-element-7fdf625 elementor-widget elementor-widget-image\" data-id=\"7fdf625\" data-element_type=\"widget\" data-e-type=\"widget\" data-widget_type=\"image.default\">\n\t\t\t\t<div class=\"elementor-widget-container\">\n\t\t\t\t\t\t\t\t\t\t\t\t\t\t\t<img decoding=\"async\" width=\"686\" height=\"576\" src=\"https:\/\/pg-markt-rettenbach.de\/wp-content\/uploads\/2023\/12\/ER-Fruehstuecksteam-Musik.jpg\" class=\"attachment-large size-large wp-image-8309\" alt=\"\" srcset=\"https:\/\/pg-markt-rettenbach.de\/wp-content\/uploads\/2023\/12\/ER-Fruehstuecksteam-Musik.jpg 686w, https:\/\/pg-markt-rettenbach.de\/wp-content\/uploads\/2023\/12\/ER-Fruehstuecksteam-Musik-300x252.jpg 300w\" sizes=\"(max-width: 686px) 100vw, 686px\" \/>\t\t\t\t\t\t\t\t\t\t\t\t\t\t\t<\/div>\n\t\t\t\t<\/div>\n\t\t\t\t\t<\/div>\n\t\t<\/div>\n\t\t\t\t\t<\/div>\n\t\t<\/section>\n\t\t\t\t<section class=\"elementor-section elementor-top-section elementor-element elementor-element-8b553ab elementor-section-boxed elementor-section-height-default elementor-section-height-default\" data-id=\"8b553ab\" data-element_type=\"section\" data-e-type=\"section\">\n\t\t\t\t\t\t<div class=\"elementor-container elementor-column-gap-default\">\n\t\t\t\t\t<div class=\"elementor-column elementor-col-100 elementor-top-column elementor-element elementor-element-50207b6\" data-id=\"50207b6\" data-element_type=\"column\" data-e-type=\"column\">\n\t\t\t<div class=\"elementor-widget-wrap\">\n\t\t\t\t\t\t\t<\/div>\n\t\t<\/div>\n\t\t\t\t\t<\/div>\n\t\t<\/section>\n\t\t\t\t<section class=\"elementor-section elementor-top-section elementor-element elementor-element-a012f66 elementor-section-boxed elementor-section-height-default elementor-section-height-default\" data-id=\"a012f66\" data-element_type=\"section\" data-e-type=\"section\">\n\t\t\t\t\t\t<div class=\"elementor-container elementor-column-gap-default\">\n\t\t\t\t\t<div class=\"elementor-column elementor-col-100 elementor-top-column elementor-element elementor-element-d16ea40\" data-id=\"d16ea40\" data-element_type=\"column\" data-e-type=\"column\">\n\t\t\t<div class=\"elementor-widget-wrap elementor-element-populated\">\n\t\t\t\t\t\t<div class=\"elementor-element elementor-element-62db59c elementor-widget elementor-widget-spacer\" data-id=\"62db59c\" data-element_type=\"widget\" data-e-type=\"widget\" data-widget_type=\"spacer.default\">\n\t\t\t\t<div class=\"elementor-widget-container\">\n\t\t\t\t\t\t\t<div class=\"elementor-spacer\">\n\t\t\t<div class=\"elementor-spacer-inner\"><\/div>\n\t\t<\/div>\n\t\t\t\t\t\t<\/div>\n\t\t\t\t<\/div>\n\t\t\t\t\t<\/div>\n\t\t<\/div>\n\t\t\t\t\t<\/div>\n\t\t<\/section>\n\t\t\t\t<\/div>\n\t\t","protected":false},"excerpt":{"rendered":"<p>Fr\u00fchst\u00fccksteam Engetried Das Fr\u00fchst\u00fccksteam der Pfarrgemeinde Engetried l\u00e4dt von Oktober bis Mai jeden zweiten Dienstag im Monat ab 9.00 Uhr zum Fr\u00fchst\u00fcck ins Pfarrheim ein.&nbsp; Nach einer Einstimmung fr\u00fchst\u00fccken wir [&hellip;]<\/p>\n","protected":false},"author":1,"featured_media":0,"parent":310,"menu_order":324,"comment_status":"closed","ping_status":"closed","template":"","meta":{"_EventAllDay":false,"_EventTimezone":"","_EventStartDate":"","_EventEndDate":"","_EventStartDateUTC":"","_EventEndDateUTC":"","_EventShowMap":false,"_EventShowMapLink":false,"_EventURL":"","_EventCost":"","_EventCostDescription":"","_EventCurrencySymbol":"","_EventCurrencyCode":"","_EventCurrencyPosition":"","_EventDateTimeSeparator":"","_EventTimeRangeSeparator":"","_EventOrganizerID":[],"_EventVenueID":[],"_OrganizerEmail":"","_OrganizerPhone":"","_OrganizerWebsite":"","_VenueAddress":"","_VenueCity":"","_VenueCountry":"","_VenueProvince":"","_VenueState":"","_VenueZip":"","_VenuePhone":"","_VenueURL":"","_VenueStateProvince":"","_VenueLat":"","_VenueLng":"","_VenueShowMap":false,"_VenueShowMapLink":false,"footnotes":""},"class_list":["post-6870","page","type-page","status-publish","hentry"],"_links":{"self":[{"href":"https:\/\/pg-markt-rettenbach.de\/startseite\/wp-json\/wp\/v2\/pages\/6870","targetHints":{"allow":["GET"]}}],"collection":[{"href":"https:\/\/pg-markt-rettenbach.de\/startseite\/wp-json\/wp\/v2\/pages"}],"about":[{"href":"https:\/\/pg-markt-rettenbach.de\/startseite\/wp-json\/wp\/v2\/types\/page"}],"author":[{"embeddable":true,"href":"https:\/\/pg-markt-rettenbach.de\/startseite\/wp-json\/wp\/v2\/users\/1"}],"replies":[{"embeddable":true,"href":"https:\/\/pg-markt-rettenbach.de\/startseite\/wp-json\/wp\/v2\/comments?post=6870"}],"version-history":[{"count":10,"href":"https:\/\/pg-markt-rettenbach.de\/startseite\/wp-json\/wp\/v2\/pages\/6870\/revisions"}],"predecessor-version":[{"id":8329,"href":"https:\/\/pg-markt-rettenbach.de\/startseite\/wp-json\/wp\/v2\/pages\/6870\/revisions\/8329"}],"up":[{"embeddable":true,"href":"https:\/\/pg-markt-rettenbach.de\/startseite\/wp-json\/wp\/v2\/pages\/310"}],"wp:attachment":[{"href":"https:\/\/pg-markt-rettenbach.de\/startseite\/wp-json\/wp\/v2\/media?parent=6870"}],"curies":[{"name":"wp","href":"https:\/\/api.w.org\/{rel}","templated":true}]}}

Engetried Frühstücksteam

<div data-elementor-type="wp-page" data-elementor-id="6870" class="elementor elementor-6870" data-elementor-post-type="page">
						<section class="elementor-section elementor-top-section elementor-element elementor-element-903361e elementor-section-boxed elementor-section-height-default elementor-section-height-default" data-id="903361e" data-element_type="section" data-e-type="section">
						<div class="elementor-container elementor-column-gap-default">
					<div class="elementor-column elementor-col-100 elementor-top-column elementor-element elementor-element-c476087" data-id="c476087" data-element_type="column" data-e-type="column">
			<div class="elementor-widget-wrap elementor-element-populated">
						<div class="elementor-element elementor-element-7673083 elementor-widget elementor-widget-heading" data-id="7673083" data-element_type="widget" data-e-type="widget" data-widget_type="heading.default">
				<div class="elementor-widget-container">
					<h2 class="elementor-heading-title elementor-size-xl">Frühstücksteam Engetried</h2>				</div>
				</div>
					</div>
		</div>
					</div>
		</section>
				<section class="elementor-section elementor-top-section elementor-element elementor-element-24656cb elementor-section-boxed elementor-section-height-default elementor-section-height-default" data-id="24656cb" data-element_type="section" data-e-type="section">
						<div class="elementor-container elementor-column-gap-default">
					<div class="elementor-column elementor-col-100 elementor-top-column elementor-element elementor-element-fced494" data-id="fced494" data-element_type="column" data-e-type="column">
			<div class="elementor-widget-wrap elementor-element-populated">
						<div class="elementor-element elementor-element-eada87f elementor-widget elementor-widget-text-editor" data-id="eada87f" data-element_type="widget" data-e-type="widget" data-widget_type="text-editor.default">
				<div class="elementor-widget-container">
									<p>Das Frühstücksteam der Pfarrgemeinde Engetried lädt von Oktober bis Mai jeden zweiten Dienstag im Monat ab 9.00 Uhr zum Frühstück ins Pfarrheim ein.&nbsp;</p><p>Nach einer Einstimmung frühstücken wir gemeinsam und genießen das Zusammensein in geselliger Runde, in der die Unterhaltung nicht zu kurz kommt.&nbsp;<span style="color: var( --e-global-color-text ); font-family: var( --e-global-typography-text-font-family ), Sans-serif; font-size: var( --e-global-typography-text-font-size ); font-weight: var( --e-global-typography-text-font-weight );">Im Advent oder Fasching gestalten wir den Vormittag mit besonderen Beiträgen. Auch ein Höhepunkt ist der Besuch der Kindergartenkinder mit ihren Liedern und Spielen.&nbsp;</span><span style="color: var( --e-global-color-text ); font-family: var( --e-global-typography-text-font-family ), Sans-serif; font-size: var( --e-global-typography-text-font-size ); font-weight: var( --e-global-typography-text-font-weight );">Schauen Sie gerne einmal bei uns vorbei, wir würden uns freuen!&nbsp;</span></p><p>Antonie Daufratshofer,&nbsp;Rosmarie Kößler,&nbsp;Cornelia Niederhofer &amp; Rosi Schneider.</p><p><span style="color: var( --e-global-color-text ); font-family: var( --e-global-typography-text-font-family ), Sans-serif; font-size: var( --e-global-typography-text-font-size ); font-weight: var( --e-global-typography-text-font-weight );">Falls Sie Fragen haben, können Sie gerne bei&nbsp;</span><span style="color: var( --e-global-color-text ); font-family: var( --e-global-typography-text-font-family ), Sans-serif; font-size: var( --e-global-typography-text-font-size );"><span style="font-weight: 700;">Rosi Schneider&nbsp;</span></span><span style="color: var( --e-global-color-text ); font-family: var( --e-global-typography-text-font-family ), Sans-serif; font-size: var( --e-global-typography-text-font-size ); font-weight: var( --e-global-typography-text-font-weight );">anrufen, Tel. (08392)&nbsp;</span><span style="color: var( --e-global-color-text ); font-family: var( --e-global-typography-text-font-family ), Sans-serif; font-size: var( --e-global-typography-text-font-size );"><span style="font-weight: 700;">924 188</span></span><span style="color: var( --e-global-color-text ); font-family: var( --e-global-typography-text-font-family ), Sans-serif; font-size: var( --e-global-typography-text-font-size ); font-weight: var( --e-global-typography-text-font-weight );">.</span></p>								</div>
				</div>
					</div>
		</div>
					</div>
		</section>
				<section class="elementor-section elementor-top-section elementor-element elementor-element-002b24f elementor-section-boxed elementor-section-height-default elementor-section-height-default" data-id="002b24f" data-element_type="section" data-e-type="section">
						<div class="elementor-container elementor-column-gap-default">
					<div class="elementor-column elementor-col-50 elementor-top-column elementor-element elementor-element-1ebb02b" data-id="1ebb02b" data-element_type="column" data-e-type="column">
			<div class="elementor-widget-wrap elementor-element-populated">
						<div class="elementor-element elementor-element-9a4fc0a elementor-widget elementor-widget-image" data-id="9a4fc0a" data-element_type="widget" data-e-type="widget" data-widget_type="image.default">
				<div class="elementor-widget-container">
															<img fetchpriority="high" decoding="async" width="545" height="554" src="https://pg-markt-rettenbach.de/wp-content/uploads/2023/12/ER-Fruehstuecksteam.jpg" class="attachment-large size-large wp-image-8301" alt="" srcset="https://pg-markt-rettenbach.de/wp-content/uploads/2023/12/ER-Fruehstuecksteam.jpg 545w, https://pg-markt-rettenbach.de/wp-content/uploads/2023/12/ER-Fruehstuecksteam-295x300.jpg 295w" sizes="(max-width: 545px) 100vw, 545px" />															</div>
				</div>
					</div>
		</div>
				<div class="elementor-column elementor-col-50 elementor-top-column elementor-element elementor-element-da60237" data-id="da60237" data-element_type="column" data-e-type="column">
			<div class="elementor-widget-wrap elementor-element-populated">
						<div class="elementor-element elementor-element-7fdf625 elementor-widget elementor-widget-image" data-id="7fdf625" data-element_type="widget" data-e-type="widget" data-widget_type="image.default">
				<div class="elementor-widget-container">
															<img decoding="async" width="686" height="576" src="https://pg-markt-rettenbach.de/wp-content/uploads/2023/12/ER-Fruehstuecksteam-Musik.jpg" class="attachment-large size-large wp-image-8309" alt="" srcset="https://pg-markt-rettenbach.de/wp-content/uploads/2023/12/ER-Fruehstuecksteam-Musik.jpg 686w, https://pg-markt-rettenbach.de/wp-content/uploads/2023/12/ER-Fruehstuecksteam-Musik-300x252.jpg 300w" sizes="(max-width: 686px) 100vw, 686px" />															</div>
				</div>
					</div>
		</div>
					</div>
		</section>
				<section class="elementor-section elementor-top-section elementor-element elementor-element-8b553ab elementor-section-boxed elementor-section-height-default elementor-section-height-default" data-id="8b553ab" data-element_type="section" data-e-type="section">
						<div class="elementor-container elementor-column-gap-default">
					<div class="elementor-column elementor-col-100 elementor-top-column elementor-element elementor-element-50207b6" data-id="50207b6" data-element_type="column" data-e-type="column">
			<div class="elementor-widget-wrap">
							</div>
		</div>
					</div>
		</section>
				<section class="elementor-section elementor-top-section elementor-element elementor-element-a012f66 elementor-section-boxed elementor-section-height-default elementor-section-height-default" data-id="a012f66" data-element_type="section" data-e-type="section">
						<div class="elementor-container elementor-column-gap-default">
					<div class="elementor-column elementor-col-100 elementor-top-column elementor-element elementor-element-d16ea40" data-id="d16ea40" data-element_type="column" data-e-type="column">
			<div class="elementor-widget-wrap elementor-element-populated">
						<div class="elementor-element elementor-element-62db59c elementor-widget elementor-widget-spacer" data-id="62db59c" data-element_type="widget" data-e-type="widget" data-widget_type="spacer.default">
				<div class="elementor-widget-container">
							<div class="elementor-spacer">
			<div class="elementor-spacer-inner"></div>
		</div>
						</div>
				</div>
					</div>
		</div>
					</div>
		</section>
				</div>

<p>Frühstücksteam Engetried Das Frühstücksteam der Pfarrgemeinde Engetried lädt von Oktober bis Mai jeden zweiten Dienstag im Monat ab 9.00 Uhr zum Frühstück ins Pfarrheim ein.&nbsp; Nach einer Einstimmung frühstücken wir [&hellip;]</p>
