{"id":763,"date":"2023-06-05T22:09:26","date_gmt":"2023-06-05T20:09:26","guid":{"rendered":"https:\/\/pg-markt-rettenbach.de\/neu\/?page_id=763"},"modified":"2023-08-25T19:51:16","modified_gmt":"2023-08-25T17:51:16","slug":"chor-miteinander","status":"publish","type":"page","link":"https:\/\/pg-markt-rettenbach.de\/startseite\/startseite\/pfarreien\/st-gordian-und-epimach-frechenrieden\/chor-miteinander\/","title":{"rendered":"Chor Miteinander"},"content":{"rendered":"\t\t<div data-elementor-type=\"wp-page\" data-elementor-id=\"763\" class=\"elementor elementor-763\" data-elementor-post-type=\"page\">\n\t\t\t\t\t\t<section class=\"elementor-section elementor-top-section elementor-element elementor-element-914b8d1 elementor-section-boxed elementor-section-height-default elementor-section-height-default\" data-id=\"914b8d1\" data-element_type=\"section\" data-e-type=\"section\">\n\t\t\t\t\t\t<div class=\"elementor-container elementor-column-gap-default\">\n\t\t\t\t\t<div class=\"elementor-column elementor-col-100 elementor-top-column elementor-element elementor-element-5ea670a\" data-id=\"5ea670a\" data-element_type=\"column\" data-e-type=\"column\">\n\t\t\t<div class=\"elementor-widget-wrap elementor-element-populated\">\n\t\t\t\t\t\t<div class=\"elementor-element elementor-element-7af6c29 elementor-widget elementor-widget-heading\" data-id=\"7af6c29\" data-element_type=\"widget\" data-e-type=\"widget\" data-widget_type=\"heading.default\">\n\t\t\t\t<div class=\"elementor-widget-container\">\n\t\t\t\t\t<h2 class=\"elementor-heading-title elementor-size-xl\">Chor Miteinander<\/h2>\t\t\t\t<\/div>\n\t\t\t\t<\/div>\n\t\t\t\t\t<\/div>\n\t\t<\/div>\n\t\t\t\t\t<\/div>\n\t\t<\/section>\n\t\t\t\t<section class=\"elementor-section elementor-top-section elementor-element elementor-element-475579e6 elementor-section-boxed elementor-section-height-default elementor-section-height-default\" data-id=\"475579e6\" data-element_type=\"section\" data-e-type=\"section\">\n\t\t\t\t\t\t<div class=\"elementor-container elementor-column-gap-default\">\n\t\t\t\t\t<div class=\"elementor-column elementor-col-100 elementor-top-column elementor-element elementor-element-6bfc995d\" data-id=\"6bfc995d\" data-element_type=\"column\" data-e-type=\"column\">\n\t\t\t<div class=\"elementor-widget-wrap elementor-element-populated\">\n\t\t\t\t\t\t<div class=\"elementor-element elementor-element-3927b7a4 elementor-widget elementor-widget-text-editor\" data-id=\"3927b7a4\" data-element_type=\"widget\" data-e-type=\"widget\" data-widget_type=\"text-editor.default\">\n\t\t\t\t<div class=\"elementor-widget-container\">\n\t\t\t\t\t\t\t\t\t\n<figure class=\"wp-block-image size-full\"><img decoding=\"async\" width=\"300\" height=\"52\" src=\"https:\/\/pg-markt-rettenbach.de\/wp-content\/uploads\/2023\/06\/image-15.png\" alt=\"\" class=\"wp-image-764\"\/><\/figure>\n\n\n\n<p>Am 16.11.2006 trafen sich im Pfarrsaal in Frechenrieden 16 Frauen, Herr Pfarrer Uhl und ein junger Mann zur Gr\u00fcndung eines Singkreises.<\/p>\n\n\n\n<p>Einen Aufruf an der \u00f6rtlichen Anschlagtafel folgten diese Interessierten.<\/p>\n\n\n\n<p>Nachdem sich der Frechenrieder Kirchenchor im Jahre 2004 aufgel\u00f6st hatte, war das Bedauern dar\u00fcber in der Bev\u00f6lkerung gro\u00df. Die Initiative f\u00fcr einen Neubeginn wurde von Ulrike Schurer gestartet. Petra Meixner erkl\u00e4rte sich sofort bereit, das Organisatorische zu \u00fcbernehmen und die musikalische Leitung obliegt Daniela T\u00f6lg.<\/p>\n\n\n\n<p>So hat sich die Gruppe zu einem reinen Frauenchor mit derzeit 28 S\u00e4ngerinnen formiert. Diese treffen sich alle 2 Wochen am Mittwochabend im Pfarrsaal zum Singen.<\/p>\n\n\n\n<p>Das Liedgut ist breit gef\u00e4chert, die rhythmische Seite steht jedoch im Vordergrund und Auftritte in Sonntagsgottesdiensten k\u00f6nnen als gelungen verbucht werden.<\/p>\n\n\n\n<p><em>Wer gerne in lockerer Runde singen m\u00f6chte, ist jederzeit herzlich willkommen!<\/em><\/p>\n\n\n\n<p>Kontakt: Petra Meixner, Tel. 08392\/1720<\/p>\n\t\t\t\t\t\t\t\t<\/div>\n\t\t\t\t<\/div>\n\t\t\t\t\t<\/div>\n\t\t<\/div>\n\t\t\t\t\t<\/div>\n\t\t<\/section>\n\t\t\t\t<\/div>\n\t\t","protected":false},"excerpt":{"rendered":"<p>Chor Miteinander Am 16.11.2006 trafen sich im Pfarrsaal in Frechenrieden 16 Frauen, Herr Pfarrer Uhl und ein junger Mann zur Gr\u00fcndung eines Singkreises. Einen Aufruf an der \u00f6rtlichen Anschlagtafel folgten [&hellip;]<\/p>\n","protected":false},"author":1,"featured_media":0,"parent":318,"menu_order":345,"comment_status":"closed","ping_status":"closed","template":"","meta":{"_EventAllDay":false,"_EventTimezone":"","_EventStartDate":"","_EventEndDate":"","_EventStartDateUTC":"","_EventEndDateUTC":"","_EventShowMap":false,"_EventShowMapLink":false,"_EventURL":"","_EventCost":"","_EventCostDescription":"","_EventCurrencySymbol":"","_EventCurrencyCode":"","_EventCurrencyPosition":"","_EventDateTimeSeparator":"","_EventTimeRangeSeparator":"","_EventOrganizerID":[],"_EventVenueID":[],"_OrganizerEmail":"","_OrganizerPhone":"","_OrganizerWebsite":"","_VenueAddress":"","_VenueCity":"","_VenueCountry":"","_VenueProvince":"","_VenueState":"","_VenueZip":"","_VenuePhone":"","_VenueURL":"","_VenueStateProvince":"","_VenueLat":"","_VenueLng":"","_VenueShowMap":false,"_VenueShowMapLink":false,"footnotes":""},"class_list":["post-763","page","type-page","status-publish","hentry"],"_links":{"self":[{"href":"https:\/\/pg-markt-rettenbach.de\/startseite\/wp-json\/wp\/v2\/pages\/763","targetHints":{"allow":["GET"]}}],"collection":[{"href":"https:\/\/pg-markt-rettenbach.de\/startseite\/wp-json\/wp\/v2\/pages"}],"about":[{"href":"https:\/\/pg-markt-rettenbach.de\/startseite\/wp-json\/wp\/v2\/types\/page"}],"author":[{"embeddable":true,"href":"https:\/\/pg-markt-rettenbach.de\/startseite\/wp-json\/wp\/v2\/users\/1"}],"replies":[{"embeddable":true,"href":"https:\/\/pg-markt-rettenbach.de\/startseite\/wp-json\/wp\/v2\/comments?post=763"}],"version-history":[{"count":4,"href":"https:\/\/pg-markt-rettenbach.de\/startseite\/wp-json\/wp\/v2\/pages\/763\/revisions"}],"predecessor-version":[{"id":4079,"href":"https:\/\/pg-markt-rettenbach.de\/startseite\/wp-json\/wp\/v2\/pages\/763\/revisions\/4079"}],"up":[{"embeddable":true,"href":"https:\/\/pg-markt-rettenbach.de\/startseite\/wp-json\/wp\/v2\/pages\/318"}],"wp:attachment":[{"href":"https:\/\/pg-markt-rettenbach.de\/startseite\/wp-json\/wp\/v2\/media?parent=763"}],"curies":[{"name":"wp","href":"https:\/\/api.w.org\/{rel}","templated":true}]}}